{"id":4528,"date":"1949-04-01T00:01:12","date_gmt":"1949-04-01T00:01:12","guid":{"rendered":"https:\/\/la-presse-anarchiste.net\/?page_id=4528"},"modified":"2024-05-02T20:11:41","modified_gmt":"2024-05-02T20:11:41","slug":"defense-de-lhomme-n7-avril-1949","status":"publish","type":"page","link":"https:\/\/la-presse-anarchiste.net\/index.php\/defense-de-lhomme-1948-1976\/1949-nos-4-a-15\/defense-de-lhomme-n7-avril-1949\/","title":{"rendered":"D\u00e9fense de l\u2019Homme n\u00b07"},"content":{"rendered":"<div class=\"pdfprnt-buttons pdfprnt-buttons-page pdfprnt-top-right\"><a href=\"https:\/\/la-presse-anarchiste.net\/index.php\/wp-json\/wp\/v2\/pages\/4528?print=pdf\" class=\"pdfprnt-button pdfprnt-button-pdf\" target=\"_blank\"><img decoding=\"async\" src=\"https:\/\/la-presse-anarchiste.net\/wp-content\/plugins\/pdf-print\/images\/pdf.png\" alt=\"image_pdf\" title=\"Afficher le PDF\"><\/a><a href=\"https:\/\/la-presse-anarchiste.net\/index.php\/wp-json\/wp\/v2\/pages\/4528?print=print\" class=\"pdfprnt-button pdfprnt-button-print\" target=\"_blank\"><img decoding=\"async\" src=\"https:\/\/la-presse-anarchiste.net\/wp-content\/plugins\/pdf-print\/images\/print.png\" alt=\"image_print\" title=\"Contenu imprim\u00e9\"><\/a><\/div><h5>Au sommaire&nbsp;:<\/h5>\n<ul>\n<li>Pour un paci\u00adfisme vrai, posi\u00adtif, actif (Louis Lecoin)<\/li>\n<li>Le temps des pri\u00adsons (Mau\u00adrice Doutreau)<\/li>\n<li>Les gen\u00addarmes sont venus me cher\u00adcher (Charles Ivry)<\/li>\n<li><a href=\"https:\/\/la-presse-anarchiste.net\/index.php\/2022\/03\/06\/le-mobile-de-linteret-personnel-et-la-production\/\">Le mobile de l\u2019int\u00e9r\u00eat per\u00adson\u00adnel et la pro\u00adduc\u00adtion<\/a> (Lyg)<\/li>\n<li>Les parents ont per\u00addu la t\u00eate (Ray\u00admond&nbsp;Asso)<\/li>\n<li>Un pr\u00e9\u00adc\u00e9\u00addent his\u00adto\u00adrique (Alain Sergent)<\/li>\n<li>M\u00e9tro (Gas\u00adton Lacarce)<\/li>\n<li>Ter\u00adro\u00adrisme en Bulgarie<\/li>\n<li>Paroles et ser\u00adments de g\u00e9n\u00e9\u00adraux (S. Vergine)<\/li>\n<li>Salauds en liber\u00adt\u00e9 (Louis Dorival)<\/li>\n<li>Le pro\u00adgr\u00e8s est il conti\u00adnu&nbsp;? Est-il r\u00e9ver\u00adsible&nbsp;? (Lau\u00admi\u00e8re)<\/li>\n<li>Mar\u00adxisme et his\u00adtoire (Georges Pascal)<\/li>\n<li>Intoxi\u00adca\u00adtion (\u00c9douard Eliet)<\/li>\n<li>Ceux d\u2019hier&nbsp;: Ren\u00e9 Fr\u00e9\u00admont (Mau\u00adrice Doutreau)<\/li>\n<li>Dic\u00adta\u00adtures (G\u00e9rard de Lacaze-Duthiers)<\/li>\n<li>Notre c\u0153ur doit r\u00e9pondre (Ren\u00e9 Guillot)<\/li>\n<li>Le d\u00e9pis\u00adtage de l\u2019enfance en dan\u00adger moral (Robert Jospin)<\/li>\n<li>Les films&nbsp;: Manon (Roger Toussenot)<\/li>\n<li>Hor\u00adrible&nbsp;bilan<\/li>\n<li>Inqui\u00e9\u00adtudes (Jean Closry)<\/li>\n<li>His\u00adtoires v\u00e9cues du jour et de la nuit (Aur\u00e8le Patorni)<\/li>\n<li>revue des livres (Serge)<\/li>\n<li>Sourds et muets (Pierre Boujut)<\/li>\n<li>Liber\u00adt\u00e9, seule r\u00e9a\u00adli\u00adt\u00e9 (Andr\u00e9 Prunier)<\/li>\n<li>Para\u00adbole de la source (Edmond Laulh\u00e8re)<\/li>\n<li>La mon\u00adnaie, cette per\u00ads\u00e9\u00adcu\u00adtrice (Ber\u00adnard&nbsp;Malan)<\/li>\n<li><a href=\"https:\/\/la-presse-anarchiste.net\/index.php\/1949\/04\/01\/la-terre-promise-ou-limpossible-rehabilitation\/\">La terre pro\u00admise ou l\u2019impossible r\u00e9ha\u00adbi\u00adli\u00adta\u00adtion<\/a> (Pierre-Valen\u00adtin Berthier)<\/li>\n<li>\u00c7a va bien&nbsp;! \u00c7a irait mieux encore avec le d\u00e9voue\u00adment de tous (Louis Lecoin)<\/li>\n<\/ul>\n<p>L\u2019int\u00e9gralit\u00e9 de ce num\u00e9\u00adro est acces\u00adsible sur le site archive.org <a href=\"http:\/\/archive.org\/details\/ddh-007-images\">sur la page d\u00e9di\u00e9e \u00e0 la presse anar\u00adchiste<\/a>. Vous pour\u00adrez la t\u00e9l\u00e9\u00adchar\u00adger ou la lire en&nbsp;ligne.<\/p>\n","protected":false},"excerpt":{"rendered":"<p>Avril 1949<\/p>\n","protected":false},"author":8,"featured_media":4530,"parent":6928,"menu_order":4,"comment_status":"closed","ping_status":"closed","template":"wp-custom-template-cahiers-humanisme-libertaire","meta":{"wp_typography_post_enhancements_disabled":false,"footnotes":""},"categories":[],"tags":[],"ppma_author":[680],"class_list":["post-4528","page","type-page","status-publish","has-post-thumbnail","hentry"],"_links":{"self":[{"href":"https:\/\/la-presse-anarchiste.net\/index.php\/wp-json\/wp\/v2\/pages\/4528","targetHints":{"allow":["GET"]}}],"collection":[{"href":"https:\/\/la-presse-anarchiste.net\/index.php\/wp-json\/wp\/v2\/pages"}],"about":[{"href":"https:\/\/la-presse-anarchiste.net\/index.php\/wp-json\/wp\/v2\/types\/page"}],"author":[{"embeddable":true,"href":"https:\/\/la-presse-anarchiste.net\/index.php\/wp-json\/wp\/v2\/users\/8"}],"replies":[{"embeddable":true,"href":"https:\/\/la-presse-anarchiste.net\/index.php\/wp-json\/wp\/v2\/comments?post=4528"}],"version-history":[{"count":14,"href":"https:\/\/la-presse-anarchiste.net\/index.php\/wp-json\/wp\/v2\/pages\/4528\/revisions"}],"predecessor-version":[{"id":6628,"href":"https:\/\/la-presse-anarchiste.net\/index.php\/wp-json\/wp\/v2\/pages\/4528\/revisions\/6628"}],"up":[{"embeddable":true,"href":"https:\/\/la-presse-anarchiste.net\/index.php\/wp-json\/wp\/v2\/pages\/6928"}],"wp:featuredmedia":[{"embeddable":true,"href":"https:\/\/la-presse-anarchiste.net\/index.php\/wp-json\/wp\/v2\/media\/4530"}],"wp:attachment":[{"href":"https:\/\/la-presse-anarchiste.net\/index.php\/wp-json\/wp\/v2\/media?parent=4528"}],"wp:term":[{"taxonomy":"category","embeddable":true,"href":"https:\/\/la-presse-anarchiste.net\/index.php\/wp-json\/wp\/v2\/categories?post=4528"},{"taxonomy":"post_tag","embeddable":true,"href":"https:\/\/la-presse-anarchiste.net\/index.php\/wp-json\/wp\/v2\/tags?post=4528"},{"taxonomy":"author","embeddable":true,"href":"https:\/\/la-presse-anarchiste.net\/index.php\/wp-json\/wp\/v2\/ppma_author?post=4528"}],"curies":[{"name":"wp","href":"https:\/\/api.w.org\/{rel}","templated":true}]}}