{"id":4956,"date":"2023-08-24T07:41:48","date_gmt":"2023-08-24T07:41:48","guid":{"rendered":"https:\/\/la-presse-anarchiste.net\/?page_id=4956"},"modified":"2025-07-15T14:29:16","modified_gmt":"2025-07-15T14:29:16","slug":"la-voix-du-travail-n1-aout-1926","status":"publish","type":"page","link":"https:\/\/la-presse-anarchiste.net\/index.php\/voix-du-travail-la-1926-1927\/la-voix-du-travail-n1-aout-1926\/","title":{"rendered":"La Voix du Travail n\u00b01"},"content":{"rendered":"<div class=\"pdfprnt-buttons pdfprnt-buttons-page pdfprnt-top-right\"><a href=\"https:\/\/la-presse-anarchiste.net\/index.php\/wp-json\/wp\/v2\/pages\/4956?print=pdf\" class=\"pdfprnt-button pdfprnt-button-pdf\" target=\"_blank\"><img decoding=\"async\" src=\"https:\/\/la-presse-anarchiste.net\/wp-content\/plugins\/pdf-print\/images\/pdf.png\" alt=\"image_pdf\" title=\"Afficher le PDF\"><\/a><a href=\"https:\/\/la-presse-anarchiste.net\/index.php\/wp-json\/wp\/v2\/pages\/4956?print=print\" class=\"pdfprnt-button pdfprnt-button-print\" target=\"_blank\"><img decoding=\"async\" src=\"https:\/\/la-presse-anarchiste.net\/wp-content\/plugins\/pdf-print\/images\/print.png\" alt=\"image_print\" title=\"Contenu imprim\u00e9\"><\/a><\/div><p>Au som\u00admaire&nbsp;:<\/p>\n<p><a href=\"https:\/\/la-presse-anarchiste.net\/index.php\/2011\/07\/22\/la-i-t-en-france\/\">L\u2019A.I.T. en France<\/a><\/p>\n<p><a href=\"https:\/\/la-presse-anarchiste.net\/index.php\/2011\/07\/22\/la-greve-generale-anglaise-et-la-classe-ouvriere-francaise\/\">La gr\u00e8ve g\u00e9n\u00e9\u00adrale anglaise et la classe ouvri\u00e8re fran\u00ad\u00e7aise<\/a> (Pierre Besnard)<\/p>\n<p><a href=\"https:\/\/la-presse-anarchiste.net\/index.php\/1926\/08\/01\/lillusion-de-lunite\/\">L\u2019illusion de l\u2019Unit\u00e9<\/a> (A. Schapiro)<\/p>\n<p><em><a href=\"https:\/\/la-presse-anarchiste.net\/index.php\/2011\/07\/22\/le-groupement-de-tous-les-syndicats-autonomes-doit-saccomplir\/\">Le grou\u00adpe\u00adment de tous les syn\u00addi\u00adcats auto\u00adnomes doit s\u2019accomplir<\/a> (Bureau ex\u00e9\u00adcu\u00adtif de l\u2019U.S.F.A.)<\/em><\/p>\n<p><a href=\"https:\/\/la-presse-anarchiste.net\/index.php\/1926\/08\/01\/la-stabilisation-monetaire\/\">La sta\u00adbi\u00adli\u00adsa\u00adtion mon\u00e9\u00adtaire<\/a> (Pierre Besnard)<\/p>\n<p><b>Le monde ouvrier<\/b><br> \u2013 <a href=\"https:\/\/la-presse-anarchiste.net\/index.php\/1926\/08\/01\/le-monde-ouvrier\/\">Fin\u00adlande<\/a><br> \u2013 <a href=\"https:\/\/la-presse-anarchiste.net\/index.php\/1926\/08\/01\/le-monde-ouvrier-2\/\">Bel\u00adgique<\/a><\/p>\n<p><b>Le mou\u00adve\u00adment syn\u00addi\u00adca\u00adliste autonome<\/b><br> \u2013 <a href=\"https:\/\/la-presse-anarchiste.net\/index.php\/2011\/07\/22\/le-comite-national-de-lu-f-s-a\/\">Le Comi\u00adt\u00e9 Natio\u00adnal de l\u2019U.F.S.A.<\/a> (Bes\u00adnard et&nbsp;Huard)<br> \u2013 <a href=\"https:\/\/la-presse-anarchiste.net\/index.php\/1926\/08\/01\/le-comite-national-du-batiment\/\">Le Comi\u00adt\u00e9 Natio\u00adnal du B\u00e2timent<\/a><\/p>\n<p><b>Les Inter\u00adna\u00adtio\u00adnales d\u2019Industries<\/b><br> \u2013 <a href=\"https:\/\/la-presse-anarchiste.net\/index.php\/1926\/08\/01\/les-internationales-dindustries\/\">Dans les M\u00e9taux<\/a><br> \u2013 <a href=\"https:\/\/la-presse-anarchiste.net\/index.php\/1926\/08\/01\/les-internationales-dindustries-2\/\">Dans le B\u00e2timent<\/a><\/p>\n<p><b>Dans l\u2019A.I.T.<\/b><br> \u2013 <a href=\"https:\/\/la-presse-anarchiste.net\/index.php\/1926\/08\/01\/la-commemoration-du-cinquantenaire-de-la-mort-de-bakounine\/\">La com\u00adm\u00e9\u00admo\u00adra\u00adtion du cin\u00adquan\u00adte\u00adnaire de la mort de Bakounine<\/a><\/p>\n<p><b>Chez les bolchevistes<\/b><br> \u2013 <a href=\"https:\/\/la-presse-anarchiste.net\/index.php\/1926\/08\/01\/les-comites-dusine-en-russie-proletarienne\/\">Les Comi\u00adt\u00e9s d\u2019usine en Rus\u00adsie \u00ab&nbsp;prol\u00e9tarienne&nbsp;\u00bb<\/a><br> \u2013 <a href=\"https:\/\/la-presse-anarchiste.net\/index.php\/1926\/08\/01\/la-commemoration-de-bakounine-a-moscou\/\">La com\u00adm\u00e9\u00admo\u00adra\u00adtion de Bakou\u00adnine \u00e0 Moscou<\/a><\/p>\n<p><a href=\"https:\/\/la-presse-anarchiste.net\/index.php\/1926\/08\/01\/le-chantage-du-sieur-teulade\/\">Le chan\u00adtage du sieur Teu\u00adlade<\/a> (A. Schapiro)<\/p>\n<p><a href=\"https:\/\/la-presse-anarchiste.net\/index.php\/2011\/07\/22\/aux-ouvriers-etrangers-en-france\/\">Aux ouvriers \u00e9tran\u00adgers en France<\/a><\/p>\n","protected":false},"excerpt":{"rendered":"<p>Ao\u00fbt 1926<\/p>\n","protected":false},"author":8,"featured_media":4959,"parent":4951,"menu_order":0,"comment_status":"closed","ping_status":"closed","template":"wp-custom-template-cahiers-humanisme-libertaire","meta":{"wp_typography_post_enhancements_disabled":false,"footnotes":""},"categories":[],"tags":[],"ppma_author":[680],"class_list":["post-4956","page","type-page","status-publish","has-post-thumbnail","hentry"],"_links":{"self":[{"href":"https:\/\/la-presse-anarchiste.net\/index.php\/wp-json\/wp\/v2\/pages\/4956","targetHints":{"allow":["GET"]}}],"collection":[{"href":"https:\/\/la-presse-anarchiste.net\/index.php\/wp-json\/wp\/v2\/pages"}],"about":[{"href":"https:\/\/la-presse-anarchiste.net\/index.php\/wp-json\/wp\/v2\/types\/page"}],"author":[{"embeddable":true,"href":"https:\/\/la-presse-anarchiste.net\/index.php\/wp-json\/wp\/v2\/users\/8"}],"replies":[{"embeddable":true,"href":"https:\/\/la-presse-anarchiste.net\/index.php\/wp-json\/wp\/v2\/comments?post=4956"}],"version-history":[{"count":7,"href":"https:\/\/la-presse-anarchiste.net\/index.php\/wp-json\/wp\/v2\/pages\/4956\/revisions"}],"predecessor-version":[{"id":8828,"href":"https:\/\/la-presse-anarchiste.net\/index.php\/wp-json\/wp\/v2\/pages\/4956\/revisions\/8828"}],"up":[{"embeddable":true,"href":"https:\/\/la-presse-anarchiste.net\/index.php\/wp-json\/wp\/v2\/pages\/4951"}],"wp:featuredmedia":[{"embeddable":true,"href":"https:\/\/la-presse-anarchiste.net\/index.php\/wp-json\/wp\/v2\/media\/4959"}],"wp:attachment":[{"href":"https:\/\/la-presse-anarchiste.net\/index.php\/wp-json\/wp\/v2\/media?parent=4956"}],"wp:term":[{"taxonomy":"category","embeddable":true,"href":"https:\/\/la-presse-anarchiste.net\/index.php\/wp-json\/wp\/v2\/categories?post=4956"},{"taxonomy":"post_tag","embeddable":true,"href":"https:\/\/la-presse-anarchiste.net\/index.php\/wp-json\/wp\/v2\/tags?post=4956"},{"taxonomy":"author","embeddable":true,"href":"https:\/\/la-presse-anarchiste.net\/index.php\/wp-json\/wp\/v2\/ppma_author?post=4956"}],"curies":[{"name":"wp","href":"https:\/\/api.w.org\/{rel}","templated":true}]}}