{"id":5815,"date":"1887-09-01T00:00:14","date_gmt":"1887-09-01T00:00:14","guid":{"rendered":"https:\/\/la-presse-anarchiste.net\/?page_id=5815"},"modified":"2024-04-30T20:09:57","modified_gmt":"2024-04-30T20:09:57","slug":"lautonomie-individuelle-n5","status":"publish","type":"page","link":"https:\/\/la-presse-anarchiste.net\/index.php\/lautonomie-individuelle-1887-1888\/lautonomie-individuelle-n5\/","title":{"rendered":"L\u2019Autonomie Individuelle n\u00b05"},"content":{"rendered":"<div class=\"pdfprnt-buttons pdfprnt-buttons-page pdfprnt-top-right\"><a href=\"https:\/\/la-presse-anarchiste.net\/index.php\/wp-json\/wp\/v2\/pages\/5815?print=pdf\" class=\"pdfprnt-button pdfprnt-button-pdf\" target=\"_blank\"><img decoding=\"async\" src=\"https:\/\/la-presse-anarchiste.net\/wp-content\/plugins\/pdf-print\/images\/pdf.png\" alt=\"image_pdf\" title=\"Afficher le PDF\"><\/a><a href=\"https:\/\/la-presse-anarchiste.net\/index.php\/wp-json\/wp\/v2\/pages\/5815?print=print\" class=\"pdfprnt-button pdfprnt-button-print\" target=\"_blank\"><img decoding=\"async\" src=\"https:\/\/la-presse-anarchiste.net\/wp-content\/plugins\/pdf-print\/images\/print.png\" alt=\"image_print\" title=\"Contenu imprim\u00e9\"><\/a><\/div><h5>Au sommaire<\/h5>\n<ul>\n<li><a href=\"https:\/\/la-presse-anarchiste.net\/index.php\/1887\/09\/01\/bas-les-masques\/\">Bas les masques&nbsp;!<\/a>&nbsp;(La R\u00e9daction)<\/li>\n<li><a href=\"https:\/\/la-presse-anarchiste.net\/index.php\/2009\/05\/06\/une-explication-necessaire\/\">Une expli\u00adca\u00adtion n\u00e9ces\u00adsaire<\/a>&nbsp;(Charles Sch\u00e6ffer)<\/li>\n<li><a href=\"https:\/\/la-presse-anarchiste.net\/index.php\/2009\/05\/06\/retrecisme-desprit\/\">R\u00e9tr\u00e9\u00adcisme d\u2019esprit<\/a>&nbsp;(Georges Deherme)<\/li>\n<li><a href=\"https:\/\/la-presse-anarchiste.net\/index.php\/1887\/09\/01\/la-liberte-est-elle-possible\/\">La Liber\u00adt\u00e9 est-elle pos\u00adsible&nbsp;?<\/a>&nbsp;(Georges Deherme)<\/li>\n<li><a href=\"https:\/\/la-presse-anarchiste.net\/index.php\/2009\/05\/06\/amour-harmonique\/\">Amour har\u00admo\u00adnique<\/a>&nbsp;(Paul Paillette)<\/li>\n<li><a href=\"https:\/\/la-presse-anarchiste.net\/index.php\/1887\/09\/01\/lanarchie-ou-individualime-social-2\/\">L\u2019A\u00adnar\u00adchie ou indi\u00advi\u00addua\u00adlisme social<\/a> (2)&nbsp;(Jean-Bap\u00adtiste Louiche)<\/li>\n<li><a href=\"https:\/\/la-presse-anarchiste.net\/index.php\/1887\/09\/01\/les-quais-de-demain-4\/\">Les Quais de demain<\/a>&nbsp;(Charles Sch\u00e6ffer)<\/li>\n<li><a href=\"https:\/\/la-presse-anarchiste.net\/index.php\/1887\/09\/01\/chronique-mensuelle\/\">Chro\u00adnique men\u00adsuelle<\/a>&nbsp;(N\u00e9mo)<\/li>\n<li>La d\u00e9ca\u00addence bourgeoise&nbsp;<ul>\n<li><a href=\"https:\/\/la-presse-anarchiste.net\/index.php\/1887\/09\/01\/la-decadence-bourgeoise-4\/\">P\u00e9riode pro\u00adgres\u00adsive<\/a>&nbsp;(Georges Deherme)<\/li>\n<\/ul>\n<\/li>\n<\/ul>\n<p>La sous\u00adcrip\u00adtion pour ce num\u00e9\u00adro s\u2019\u00e9l\u00e8ve \u00e0 12,70 francs.<\/p>\n","protected":false},"excerpt":{"rendered":"<p>Septembre\/\u200boctobre 1887<\/p>\n","protected":false},"author":8,"featured_media":5312,"parent":5311,"menu_order":5,"comment_status":"closed","ping_status":"closed","template":"wp-custom-template-cahiers-humanisme-libertaire","meta":{"wp_typography_post_enhancements_disabled":false,"footnotes":""},"categories":[],"tags":[],"ppma_author":[680],"class_list":["post-5815","page","type-page","status-publish","has-post-thumbnail","hentry"],"_links":{"self":[{"href":"https:\/\/la-presse-anarchiste.net\/index.php\/wp-json\/wp\/v2\/pages\/5815","targetHints":{"allow":["GET"]}}],"collection":[{"href":"https:\/\/la-presse-anarchiste.net\/index.php\/wp-json\/wp\/v2\/pages"}],"about":[{"href":"https:\/\/la-presse-anarchiste.net\/index.php\/wp-json\/wp\/v2\/types\/page"}],"author":[{"embeddable":true,"href":"https:\/\/la-presse-anarchiste.net\/index.php\/wp-json\/wp\/v2\/users\/8"}],"replies":[{"embeddable":true,"href":"https:\/\/la-presse-anarchiste.net\/index.php\/wp-json\/wp\/v2\/comments?post=5815"}],"version-history":[{"count":5,"href":"https:\/\/la-presse-anarchiste.net\/index.php\/wp-json\/wp\/v2\/pages\/5815\/revisions"}],"predecessor-version":[{"id":7232,"href":"https:\/\/la-presse-anarchiste.net\/index.php\/wp-json\/wp\/v2\/pages\/5815\/revisions\/7232"}],"up":[{"embeddable":true,"href":"https:\/\/la-presse-anarchiste.net\/index.php\/wp-json\/wp\/v2\/pages\/5311"}],"wp:featuredmedia":[{"embeddable":true,"href":"https:\/\/la-presse-anarchiste.net\/index.php\/wp-json\/wp\/v2\/media\/5312"}],"wp:attachment":[{"href":"https:\/\/la-presse-anarchiste.net\/index.php\/wp-json\/wp\/v2\/media?parent=5815"}],"wp:term":[{"taxonomy":"category","embeddable":true,"href":"https:\/\/la-presse-anarchiste.net\/index.php\/wp-json\/wp\/v2\/categories?post=5815"},{"taxonomy":"post_tag","embeddable":true,"href":"https:\/\/la-presse-anarchiste.net\/index.php\/wp-json\/wp\/v2\/tags?post=5815"},{"taxonomy":"author","embeddable":true,"href":"https:\/\/la-presse-anarchiste.net\/index.php\/wp-json\/wp\/v2\/ppma_author?post=5815"}],"curies":[{"name":"wp","href":"https:\/\/api.w.org\/{rel}","templated":true}]}}