{"id":6126,"date":"1872-03-01T00:01:57","date_gmt":"1872-03-01T00:01:57","guid":{"rendered":"https:\/\/la-presse-anarchiste.net\/?page_id=6126"},"modified":"2024-05-01T13:41:54","modified_gmt":"2024-05-01T13:41:54","slug":"bulletin-de-la-federation-jurassienne-n3","status":"publish","type":"page","link":"https:\/\/la-presse-anarchiste.net\/index.php\/bulletin-de-la-federation-jurassienne-1872-1878\/bulletin-de-la-federation-jurassienne-1872\/bulletin-de-la-federation-jurassienne-n3\/","title":{"rendered":"Bulletin de la F\u00e9d\u00e9ration Jurassienne n\u00b03"},"content":{"rendered":"<div class=\"pdfprnt-buttons pdfprnt-buttons-page pdfprnt-top-right\"><a href=\"https:\/\/la-presse-anarchiste.net\/index.php\/wp-json\/wp\/v2\/pages\/6126?print=pdf\" class=\"pdfprnt-button pdfprnt-button-pdf\" target=\"_blank\"><img decoding=\"async\" src=\"https:\/\/la-presse-anarchiste.net\/wp-content\/plugins\/pdf-print\/images\/pdf.png\" alt=\"image_pdf\" title=\"Afficher le PDF\"><\/a><a href=\"https:\/\/la-presse-anarchiste.net\/index.php\/wp-json\/wp\/v2\/pages\/6126?print=print\" class=\"pdfprnt-button pdfprnt-button-print\" target=\"_blank\"><img decoding=\"async\" src=\"https:\/\/la-presse-anarchiste.net\/wp-content\/plugins\/pdf-print\/images\/print.png\" alt=\"image_print\" title=\"Contenu imprim\u00e9\"><\/a><\/div><h5>Au sommaire<\/h5>\n<p><a href=\"https:\/\/la-presse-anarchiste.net\/index.php\/1872\/03\/15\/le-congres-de-la-federation-des-graveurs-et-guillocheurs\/\">Le Congr\u00e8s de la F\u00e9d\u00e9\u00adra\u00adtion des gra\u00adveurs et guillocheurs<\/a><\/p>\n<p><a href=\"https:\/\/la-presse-anarchiste.net\/index.php\/1872\/03\/15\/un-article-sur-linternationale\/\">L\u2019Internationale<\/a>&nbsp;(article publi\u00e9 sans titre par Paul Lanjallay)<\/p>\n","protected":false},"excerpt":{"rendered":"<p>15 mars&nbsp;1872<\/p>\n","protected":false},"author":8,"featured_media":6089,"parent":6091,"menu_order":3,"comment_status":"closed","ping_status":"closed","template":"wp-custom-template-cahiers-humanisme-libertaire","meta":{"wp_typography_post_enhancements_disabled":false,"footnotes":""},"categories":[950],"tags":[],"ppma_author":[680],"class_list":["post-6126","page","type-page","status-publish","has-post-thumbnail","hentry","category-bulletin-de-la-federation-jurassienne-pour-1872"],"_links":{"self":[{"href":"https:\/\/la-presse-anarchiste.net\/index.php\/wp-json\/wp\/v2\/pages\/6126","targetHints":{"allow":["GET"]}}],"collection":[{"href":"https:\/\/la-presse-anarchiste.net\/index.php\/wp-json\/wp\/v2\/pages"}],"about":[{"href":"https:\/\/la-presse-anarchiste.net\/index.php\/wp-json\/wp\/v2\/types\/page"}],"author":[{"embeddable":true,"href":"https:\/\/la-presse-anarchiste.net\/index.php\/wp-json\/wp\/v2\/users\/8"}],"replies":[{"embeddable":true,"href":"https:\/\/la-presse-anarchiste.net\/index.php\/wp-json\/wp\/v2\/comments?post=6126"}],"version-history":[{"count":2,"href":"https:\/\/la-presse-anarchiste.net\/index.php\/wp-json\/wp\/v2\/pages\/6126\/revisions"}],"predecessor-version":[{"id":6313,"href":"https:\/\/la-presse-anarchiste.net\/index.php\/wp-json\/wp\/v2\/pages\/6126\/revisions\/6313"}],"up":[{"embeddable":true,"href":"https:\/\/la-presse-anarchiste.net\/index.php\/wp-json\/wp\/v2\/pages\/6091"}],"wp:featuredmedia":[{"embeddable":true,"href":"https:\/\/la-presse-anarchiste.net\/index.php\/wp-json\/wp\/v2\/media\/6089"}],"wp:attachment":[{"href":"https:\/\/la-presse-anarchiste.net\/index.php\/wp-json\/wp\/v2\/media?parent=6126"}],"wp:term":[{"taxonomy":"category","embeddable":true,"href":"https:\/\/la-presse-anarchiste.net\/index.php\/wp-json\/wp\/v2\/categories?post=6126"},{"taxonomy":"post_tag","embeddable":true,"href":"https:\/\/la-presse-anarchiste.net\/index.php\/wp-json\/wp\/v2\/tags?post=6126"},{"taxonomy":"author","embeddable":true,"href":"https:\/\/la-presse-anarchiste.net\/index.php\/wp-json\/wp\/v2\/ppma_author?post=6126"}],"curies":[{"name":"wp","href":"https:\/\/api.w.org\/{rel}","templated":true}]}}