{"id":6636,"date":"1949-06-01T00:01:41","date_gmt":"1949-06-01T00:01:41","guid":{"rendered":"https:\/\/la-presse-anarchiste.net\/?page_id=6636"},"modified":"2024-04-19T19:25:10","modified_gmt":"2024-04-19T19:25:10","slug":"defense-de-lhomme-n9","status":"publish","type":"page","link":"https:\/\/la-presse-anarchiste.net\/index.php\/defense-de-lhomme-1948-1976\/1949-nos-4-a-15\/defense-de-lhomme-n9\/","title":{"rendered":"D\u00e9fense de l\u2019Homme n\u00b09"},"content":{"rendered":"<div class=\"pdfprnt-buttons pdfprnt-buttons-page pdfprnt-top-right\"><a href=\"https:\/\/la-presse-anarchiste.net\/index.php\/wp-json\/wp\/v2\/pages\/6636?print=pdf\" class=\"pdfprnt-button pdfprnt-button-pdf\" target=\"_blank\"><img decoding=\"async\" src=\"https:\/\/la-presse-anarchiste.net\/wp-content\/plugins\/pdf-print\/images\/pdf.png\" alt=\"image_pdf\" title=\"Afficher le PDF\"><\/a><a href=\"https:\/\/la-presse-anarchiste.net\/index.php\/wp-json\/wp\/v2\/pages\/6636?print=print\" class=\"pdfprnt-button pdfprnt-button-print\" target=\"_blank\"><img decoding=\"async\" src=\"https:\/\/la-presse-anarchiste.net\/wp-content\/plugins\/pdf-print\/images\/print.png\" alt=\"image_print\" title=\"Contenu imprim\u00e9\"><\/a><\/div><h3>Au sommaire<\/h3>\n<ul>\n<li>Au secours du Liber\u00adtaire (Louis Lecoin)<\/li>\n<li>Maqui\u00adgnons de l\u2019am\u00adnis\u00adtie (Mau\u00adrice Doutreau)<\/li>\n<li>Les socio\u00adlogues de la Grande Muette (La Palice)<\/li>\n<li>Bilan du Socia\u00adlisme et consi\u00add\u00e9\u00adra\u00adtions sur le bel\u00adli\u00adcisme des masses (Alain Sergent)<\/li>\n<li>L\u2019\u00e9\u00adnigme de la Chine (Albert Ledroit)<\/li>\n<li>Ton corps est \u00e0 l\u2019\u00c9tat<\/li>\n<li>De la res\u00adpon\u00adsa\u00adbi\u00adli\u00adt\u00e9 ouvri\u00e8re (Gas\u00adton&nbsp;Leval)<\/li>\n<li>Pr\u00e9\u00adsence de l\u2019Homme (\u00c9douard Eliet)<\/li>\n<li>Le droit de punir (Georges Pascal)<\/li>\n<li>L\u2019argent fra\u00adtri\u00adcide (C.&nbsp;Peres)<\/li>\n<li>Georges Pit\u00adtoef (Roger Toussenot)<\/li>\n<li>His\u00adtoires v\u00e9cues du jour et de la nuit (Inter\u00adim)<\/li>\n<li>Revue des livres (Serge)<\/li>\n<li>Nou\u00advelles r\u00e9flexions sur le progr\u00e8s&nbsp;<ul>\n<li>Pour ou contre le pro\u00adgr\u00e8s tech\u00adnique&nbsp;? (Lau\u00admi\u00e8re)<\/li>\n<\/ul>\n<\/li>\n<li>La d\u00e9lin\u00adquance juv\u00e9nile&nbsp;<ul>\n<li>Les pro\u00adbl\u00e8mes de la r\u00e9\u00e9du\u00adca\u00adtion (Robert Jospin)<\/li>\n<\/ul>\n<\/li>\n<li>Je suis pour le h\u00e9ris\u00adson contre la vip\u00e8re (Charles-Auguste Bontemps)<\/li>\n<li>Je suis pour la liber\u00adt\u00e9 contre la pri\u00adson (Louis Lecoin)<\/li>\n<li>La Rus\u00adsie incon\u00adnue (S. Vergine)<\/li>\n<li>Ceux d\u2019hier\n<ul>\n<li>Jean Grave (Louis Louvet)<\/li>\n<\/ul>\n<\/li>\n<li>Garde ta rai\u00adson (Jean Closry)<\/li>\n<li>Urba\u00adnisme et civi\u00adli\u00adsa\u00adtion (Ber\u00adnard&nbsp;Malan)<\/li>\n<li>Front uni pour une paix totale (Eug\u00e8ne Merser)<\/li>\n<li>Notre paci\u00adfisme (Paul&nbsp;Joly)<\/li>\n<li><a href=\"https:\/\/la-presse-anarchiste.net\/index.php\/1949\/06\/01\/repudiation-unilaterale-dun-devoir-et-dun-droit\/\">R\u00e9pu\u00addia\u00adtion uni\u00adla\u00adt\u00e9\u00adrale d\u2019un devoir et d\u2019un droit<\/a> (Pierre-Valen\u00adtin Berthier)<\/li>\n<\/ul>\n","protected":false},"excerpt":{"rendered":"<p>juin 1949<\/p>\n","protected":false},"author":8,"featured_media":4535,"parent":6928,"menu_order":6,"comment_status":"closed","ping_status":"closed","template":"wp-custom-template-cahiers-humanisme-libertaire","meta":{"wp_typography_post_enhancements_disabled":false,"footnotes":""},"categories":[66],"tags":[],"ppma_author":[680],"class_list":["post-6636","page","type-page","status-publish","has-post-thumbnail","hentry","category-defense-de-lhomme-1948-1976"],"_links":{"self":[{"href":"https:\/\/la-presse-anarchiste.net\/index.php\/wp-json\/wp\/v2\/pages\/6636","targetHints":{"allow":["GET"]}}],"collection":[{"href":"https:\/\/la-presse-anarchiste.net\/index.php\/wp-json\/wp\/v2\/pages"}],"about":[{"href":"https:\/\/la-presse-anarchiste.net\/index.php\/wp-json\/wp\/v2\/types\/page"}],"author":[{"embeddable":true,"href":"https:\/\/la-presse-anarchiste.net\/index.php\/wp-json\/wp\/v2\/users\/8"}],"replies":[{"embeddable":true,"href":"https:\/\/la-presse-anarchiste.net\/index.php\/wp-json\/wp\/v2\/comments?post=6636"}],"version-history":[{"count":4,"href":"https:\/\/la-presse-anarchiste.net\/index.php\/wp-json\/wp\/v2\/pages\/6636\/revisions"}],"predecessor-version":[{"id":6644,"href":"https:\/\/la-presse-anarchiste.net\/index.php\/wp-json\/wp\/v2\/pages\/6636\/revisions\/6644"}],"up":[{"embeddable":true,"href":"https:\/\/la-presse-anarchiste.net\/index.php\/wp-json\/wp\/v2\/pages\/6928"}],"wp:featuredmedia":[{"embeddable":true,"href":"https:\/\/la-presse-anarchiste.net\/index.php\/wp-json\/wp\/v2\/media\/4535"}],"wp:attachment":[{"href":"https:\/\/la-presse-anarchiste.net\/index.php\/wp-json\/wp\/v2\/media?parent=6636"}],"wp:term":[{"taxonomy":"category","embeddable":true,"href":"https:\/\/la-presse-anarchiste.net\/index.php\/wp-json\/wp\/v2\/categories?post=6636"},{"taxonomy":"post_tag","embeddable":true,"href":"https:\/\/la-presse-anarchiste.net\/index.php\/wp-json\/wp\/v2\/tags?post=6636"},{"taxonomy":"author","embeddable":true,"href":"https:\/\/la-presse-anarchiste.net\/index.php\/wp-json\/wp\/v2\/ppma_author?post=6636"}],"curies":[{"name":"wp","href":"https:\/\/api.w.org\/{rel}","templated":true}]}}