{"id":6742,"date":"1912-03-20T00:01:53","date_gmt":"1912-03-20T00:01:53","guid":{"rendered":"https:\/\/la-presse-anarchiste.net\/?page_id=6742"},"modified":"2024-04-17T07:51:24","modified_gmt":"2024-04-17T07:51:24","slug":"la-vie-anarchiste-n8","status":"publish","type":"page","link":"https:\/\/la-presse-anarchiste.net\/index.php\/la-vie-anarchiste-1911-1914\/la-vie-anarchiste-n8\/","title":{"rendered":"La Vie Anarchiste n\u00b08"},"content":{"rendered":"<div class=\"pdfprnt-buttons pdfprnt-buttons-page pdfprnt-top-right\"><a href=\"https:\/\/la-presse-anarchiste.net\/index.php\/wp-json\/wp\/v2\/pages\/6742?print=pdf\" class=\"pdfprnt-button pdfprnt-button-pdf\" target=\"_blank\"><img decoding=\"async\" src=\"https:\/\/la-presse-anarchiste.net\/wp-content\/plugins\/pdf-print\/images\/pdf.png\" alt=\"image_pdf\" title=\"Afficher le PDF\"><\/a><a href=\"https:\/\/la-presse-anarchiste.net\/index.php\/wp-json\/wp\/v2\/pages\/6742?print=print\" class=\"pdfprnt-button pdfprnt-button-print\" target=\"_blank\"><img decoding=\"async\" src=\"https:\/\/la-presse-anarchiste.net\/wp-content\/plugins\/pdf-print\/images\/print.png\" alt=\"image_print\" title=\"Contenu imprim\u00e9\"><\/a><\/div><p>Au som\u00admaire&nbsp;:<\/p>\n<ul>\n<li><a href=\"https:\/\/la-presse-anarchiste.net\/index.php\/1912\/03\/20\/au-hasard-du-chemin\/\">Au hasard du che\u00admin<\/a> (Moha\u00adge\u00adher)<\/li>\n<li><a href=\"https:\/\/la-presse-anarchiste.net\/index.php\/1912\/03\/20\/la-forme-societaire-resultat-de-leffort-individuel\/\">La forme soci\u00e9\u00adtaire r\u00e9sul\u00adtat de l\u2019effort indi\u00advi\u00adduel<\/a> (G. Butaud)<\/li>\n<li><a href=\"https:\/\/la-presse-anarchiste.net\/index.php\/1912\/03\/20\/le-syndicalisme-primaire\/\">Le syn\u00addi\u00adca\u00adlisme pri\u00admaire<\/a> (E. Quimporte)<\/li>\n<li><a href=\"https:\/\/la-presse-anarchiste.net\/index.php\/1912\/03\/20\/un-sujet-delicat\/\">Un sujet d\u00e9li\u00adcat<\/a> (Mau\u00adrice Imbard)<\/li>\n<li><a href=\"https:\/\/la-presse-anarchiste.net\/index.php\/1912\/03\/20\/pourquoi-dansons-nous\/\">Pour\u00adquoi dan\u00adsons-nous&nbsp;?<\/a> (\u00c9. Durand)<\/li>\n<li><a href=\"https:\/\/la-presse-anarchiste.net\/index.php\/la-vie-anarchiste-1911-1914\/la-vie-anarchiste-n8\/\">R\u00e9flexions<\/a> (L\u00e9on Hubert)<\/li>\n<li><a href=\"https:\/\/la-presse-anarchiste.net\/index.php\/1912\/03\/20\/dans-le-silence\/\">Dans le silence<\/a> (H. Richard)<\/li>\n<li><a href=\"https:\/\/la-presse-anarchiste.net\/index.php\/1912\/03\/20\/philosophie-de-la-vie\/\">Phi\u00adlo\u00adso\u00adphie de la vie<\/a> (Fer\u00adnand-Paul)<\/li>\n<li><a href=\"https:\/\/la-presse-anarchiste.net\/index.php\/1912\/03\/20\/parmi-les-pensers-eclos-2\/\">Par\u00admi les pen\u00adsers \u00e9clos<\/a> (H.&nbsp;Zisly)<\/li>\n<li><a href=\"https:\/\/la-presse-anarchiste.net\/index.php\/1912\/03\/20\/parlons-peu\/\">Par\u00adlons peu<\/a> (S. Zaikovska)<\/li>\n<li><a href=\"https:\/\/la-presse-anarchiste.net\/index.php\/1912\/03\/20\/sur-la-greve-des-mineurs\/\">Sur la gr\u00e8ve des mineurs<\/a> (G. Butaud)<\/li>\n<\/ul>\n<hr>\n<p style=\"text-align: center;\"><b>Com\u00admu\u00adni\u00adca\u00adtions<\/b><\/p>\n<p style=\"text-align: left;\">\u2013 Paris&nbsp;: tous les same\u00addis soir cau\u00adse\u00adrie du \u00ab&nbsp;groupe d\u2019\u00e9tudes sociales&nbsp;\u00bb U, P. frg Antoine. On y trouve la V.A.<br> \u2013 Hir\u00adson&nbsp;: r\u00e9unions les same\u00addis soirs chez Nico\u00add\u00e8me rue Mac\u00adque\u00adnoise, d\u00e9p\u00f4t de la V.A.<br> \u2013 B\u00e9ziers&nbsp;: r\u00e9union les same\u00addis, caf\u00e9 Ayral, d\u00e9p\u00f4t chez E. Gleize, 4 rue des&nbsp;Bains.<br> \u2013 Brest&nbsp;: d\u00e9p\u00f4t chez notre cama\u00adrade Her\u00advei 85 rue \u00c9mile Zola&nbsp;; on trou\u00adve\u00adra chez lui touts publi\u00adca\u00adtions v\u00e9g\u00e9\u00adta\u00adriennes, natu\u00adristes, phi\u00adlo\u00adso\u00adphiques, s\u2019y infor\u00admer des \u00ab&nbsp;publi\u00adca\u00adtions nouvelles&nbsp;\u00bb.<br> \u2013 Rouen&nbsp;: tous les mer\u00adcre\u00addis r\u00e9union du groupe d\u2019\u00e9tudes sociales, rue Lemire.<\/p>\n<p>La revue indique que pour ce num\u00e9\u00adro, il a \u00e9t\u00e9 d\u00e9pen\u00ads\u00e9 45 fr pour l\u2019impression, 27,45 fr pour le papier et 14,50 fr en cor\u00adres\u00adpon\u00addance, exp\u00e9\u00addi\u00adtion du jour\u00adnal et brochures.<\/p>\n<p>Le d\u00e9fi\u00adcit des num\u00e9\u00adros pr\u00e9\u00adc\u00e9\u00addent est de 78,35&nbsp;fr.<\/p>\n<p>Les recettes sont&nbsp;: abon\u00adne\u00adment (6 fr), sous\u00adcrip\u00adtions (10,90 fr), vente de bro\u00adchures (2,15 fr), vente de jour\u00adnaux (26,65 fr)<\/p>\n<p>D\u00e9fi\u00adcit total&nbsp;: 49,60 francs.<\/p>\n<p>Il est indi\u00adqu\u00e9&nbsp;: \u00ab&nbsp;Le d\u00e9fi\u00adcit est tr\u00e8s fort ce num\u00e9\u00adro-ci parce que nous en avons avan\u00adc\u00e9 la paru\u00adtion. Il s\u2019ensuit que la vente n\u2019est pas encore ren\u00adtr\u00e9e, nous nous y attendions&nbsp;\u00bb<\/p>\n","protected":false},"excerpt":{"rendered":"<p>Au som\u00admaire&nbsp;: Au hasard du che\u00admin (Moha\u00adge\u00adher) La forme soci\u00e9\u00adtaire r\u00e9sul\u00adtat de l\u2019effort indi\u00advi\u00adduel (G. Butaud) Le syn\u00addi\u00adca\u00adlisme pri\u00admaire (E. Quim\u00adporte) Un sujet d\u00e9li\u00adcat (Mau\u00adrice Imbard) Pour\u00adquoi dan\u00ad\u00adsons-nous&nbsp;? (\u00c9. Durand) R\u00e9flexions (L\u00e9on Hubert) Dans le silence (H. Richard) Phi\u00adlo\u00adso\u00adphie de la vie (Fer\u00ad\u00adnand-Paul) Par\u00admi les pen\u00adsers \u00e9clos (H.&nbsp;Zis\u00adly) Par\u00adlons peu (S. Zai\u00adkovs\u00adka) Sur la&nbsp;gr\u00e8ve&nbsp;[\u2026]<\/p>\n","protected":false},"author":1,"featured_media":6740,"parent":6739,"menu_order":8,"comment_status":"closed","ping_status":"closed","template":"wp-custom-template-cahiers-humanisme-libertaire","meta":{"wp_typography_post_enhancements_disabled":false,"footnotes":""},"categories":[],"tags":[],"ppma_author":[540],"class_list":["post-6742","page","type-page","status-publish","has-post-thumbnail","hentry"],"_links":{"self":[{"href":"https:\/\/la-presse-anarchiste.net\/index.php\/wp-json\/wp\/v2\/pages\/6742","targetHints":{"allow":["GET"]}}],"collection":[{"href":"https:\/\/la-presse-anarchiste.net\/index.php\/wp-json\/wp\/v2\/pages"}],"about":[{"href":"https:\/\/la-presse-anarchiste.net\/index.php\/wp-json\/wp\/v2\/types\/page"}],"author":[{"embeddable":true,"href":"https:\/\/la-presse-anarchiste.net\/index.php\/wp-json\/wp\/v2\/users\/1"}],"replies":[{"embeddable":true,"href":"https:\/\/la-presse-anarchiste.net\/index.php\/wp-json\/wp\/v2\/comments?post=6742"}],"version-history":[{"count":7,"href":"https:\/\/la-presse-anarchiste.net\/index.php\/wp-json\/wp\/v2\/pages\/6742\/revisions"}],"predecessor-version":[{"id":6775,"href":"https:\/\/la-presse-anarchiste.net\/index.php\/wp-json\/wp\/v2\/pages\/6742\/revisions\/6775"}],"up":[{"embeddable":true,"href":"https:\/\/la-presse-anarchiste.net\/index.php\/wp-json\/wp\/v2\/pages\/6739"}],"wp:featuredmedia":[{"embeddable":true,"href":"https:\/\/la-presse-anarchiste.net\/index.php\/wp-json\/wp\/v2\/media\/6740"}],"wp:attachment":[{"href":"https:\/\/la-presse-anarchiste.net\/index.php\/wp-json\/wp\/v2\/media?parent=6742"}],"wp:term":[{"taxonomy":"category","embeddable":true,"href":"https:\/\/la-presse-anarchiste.net\/index.php\/wp-json\/wp\/v2\/categories?post=6742"},{"taxonomy":"post_tag","embeddable":true,"href":"https:\/\/la-presse-anarchiste.net\/index.php\/wp-json\/wp\/v2\/tags?post=6742"},{"taxonomy":"author","embeddable":true,"href":"https:\/\/la-presse-anarchiste.net\/index.php\/wp-json\/wp\/v2\/ppma_author?post=6742"}],"curies":[{"name":"wp","href":"https:\/\/api.w.org\/{rel}","templated":true}]}}