{"id":6956,"date":"1949-09-01T00:01:52","date_gmt":"1949-09-01T00:01:52","guid":{"rendered":"https:\/\/la-presse-anarchiste.net\/?page_id=6956"},"modified":"2024-05-03T12:46:07","modified_gmt":"2024-05-03T12:46:07","slug":"defense-de-lhomme-n12","status":"publish","type":"page","link":"https:\/\/la-presse-anarchiste.net\/index.php\/defense-de-lhomme-1948-1976\/1949-nos-4-a-15\/defense-de-lhomme-n12\/","title":{"rendered":"D\u00e9fense de l\u2019Homme n\u00b012"},"content":{"rendered":"<div class=\"pdfprnt-buttons pdfprnt-buttons-page pdfprnt-top-right\"><a href=\"https:\/\/la-presse-anarchiste.net\/index.php\/wp-json\/wp\/v2\/pages\/6956?print=pdf\" class=\"pdfprnt-button pdfprnt-button-pdf\" target=\"_blank\"><img decoding=\"async\" src=\"https:\/\/la-presse-anarchiste.net\/wp-content\/plugins\/pdf-print\/images\/pdf.png\" alt=\"image_pdf\" title=\"Afficher le PDF\"><\/a><a href=\"https:\/\/la-presse-anarchiste.net\/index.php\/wp-json\/wp\/v2\/pages\/6956?print=print\" class=\"pdfprnt-button pdfprnt-button-print\" target=\"_blank\"><img decoding=\"async\" src=\"https:\/\/la-presse-anarchiste.net\/wp-content\/plugins\/pdf-print\/images\/print.png\" alt=\"image_print\" title=\"Contenu imprim\u00e9\"><\/a><\/div><h3>Au sommaire&nbsp;:<\/h3>\n<ul>\n<li>Pro\u00adpa\u00adgande \u00e0 notre fa\u00e7on (Louis Lecoin)<\/li>\n<li>Gang\u00adsters et poli\u00adciers (Mau\u00adrice Doutreau)<\/li>\n<li>Pour un Comi\u00adt\u00e9 de la Paix (Louis Lecoin)<\/li>\n<li><a href=\"https:\/\/la-presse-anarchiste.net\/index.php\/1949\/09\/01\/egalite-et-civilisation-qualificative\/\">\u00c9ga\u00adli\u00adt\u00e9 et civi\u00adli\u00adsa\u00adtion qua\u00adli\u00adta\u00adtive<\/a>&nbsp;(Lyg)<\/li>\n<li>Dis\u00adpa\u00adri\u00adtion d\u2019un enne\u00admi du mili\u00adta\u00adrisme (Serge)<\/li>\n<li>Le fon\u00adde\u00adment de la morale (Georges Pascal)<\/li>\n<li>Enfin, un pr\u00eatre vrai\u00adment chr\u00e9\u00adtien (Abb\u00e9 Frantz Keller)<\/li>\n<li>Le nain gigan\u00adtesque et le g\u00e9ant cr\u00e9\u00adti\u00adni\u00ads\u00e9 (Alain Sergent)<\/li>\n<li>His\u00adtoires v\u00e9cues du jour et de la&nbsp;nuit<\/li>\n<li>Anni\u00adver\u00adsaire (Julien Blanc)<\/li>\n<li>Ave\u00adnir des pri\u00admaires (\u00c9douard Eliet)<\/li>\n<li>D\u00e9fense de l\u2019homme et langue uni\u00adver\u00adselle (Ch. Pantavane)<\/li>\n<li>Ceux d\u2019hier&nbsp;: Paul Rous\u00adsenq, \u201cL\u2019in\u00adco\u201d (\u00c9li\u00ads\u00e9e Perrier)<\/li>\n<li><a href=\"https:\/\/la-presse-anarchiste.net\/index.php\/1949\/09\/01\/anecdotes-paradoxes-symboles\/\">Anec\u00addotes, para\u00addoxes, sym\u00adboles<\/a> (Pierre-Valen\u00adtin Berthier)<\/li>\n<li>Les imb\u00e9\u00adciles ne sont pas nudistes (Charles-Auguste Bontemps)<\/li>\n<li>La d\u00e9lin\u00adquance juv\u00e9\u00adnile&nbsp;: Vues d\u2019a\u00adve\u00adnir (Robert Jospin)<\/li>\n<li>Le triomphe de Ca\u00efn (\u00c9mile V\u00e9ran)<\/li>\n<li>De l\u2019i\u00adnu\u00adti\u00adli\u00adt\u00e9 de la fonc\u00adtion guer\u00adri\u00e8re (S. Vergine)<\/li>\n<li>Revue des livres (Serge)<\/li>\n<li>La mys\u00adtique de l\u2019His\u00adtoire (Gas\u00adton&nbsp;Leval)<\/li>\n<li>Pro\u00adgr\u00e8s tech\u00adnique et bon\u00adheur (\u00c9mile Bachelet)<\/li>\n<li>Quelques r\u00e9flexions sur le pro\u00adgr\u00e8s (Lau\u00admi\u00e8re)<\/li>\n<li>Com\u00adment est faite cette revue&nbsp;? (Louis Lecoin)<\/li>\n<\/ul>\n","protected":false},"excerpt":{"rendered":"<p>Sep\u00adtembre 1949<\/p>\n","protected":false},"author":8,"featured_media":4535,"parent":6928,"menu_order":9,"comment_status":"closed","ping_status":"closed","template":"wp-custom-template-cahiers-humanisme-libertaire","meta":{"wp_typography_post_enhancements_disabled":false,"footnotes":""},"categories":[891],"tags":[],"ppma_author":[680],"class_list":["post-6956","page","type-page","status-publish","has-post-thumbnail","hentry","category-1949-nos-4-a-15"],"_links":{"self":[{"href":"https:\/\/la-presse-anarchiste.net\/index.php\/wp-json\/wp\/v2\/pages\/6956","targetHints":{"allow":["GET"]}}],"collection":[{"href":"https:\/\/la-presse-anarchiste.net\/index.php\/wp-json\/wp\/v2\/pages"}],"about":[{"href":"https:\/\/la-presse-anarchiste.net\/index.php\/wp-json\/wp\/v2\/types\/page"}],"author":[{"embeddable":true,"href":"https:\/\/la-presse-anarchiste.net\/index.php\/wp-json\/wp\/v2\/users\/8"}],"replies":[{"embeddable":true,"href":"https:\/\/la-presse-anarchiste.net\/index.php\/wp-json\/wp\/v2\/comments?post=6956"}],"version-history":[{"count":5,"href":"https:\/\/la-presse-anarchiste.net\/index.php\/wp-json\/wp\/v2\/pages\/6956\/revisions"}],"predecessor-version":[{"id":7339,"href":"https:\/\/la-presse-anarchiste.net\/index.php\/wp-json\/wp\/v2\/pages\/6956\/revisions\/7339"}],"up":[{"embeddable":true,"href":"https:\/\/la-presse-anarchiste.net\/index.php\/wp-json\/wp\/v2\/pages\/6928"}],"wp:featuredmedia":[{"embeddable":true,"href":"https:\/\/la-presse-anarchiste.net\/index.php\/wp-json\/wp\/v2\/media\/4535"}],"wp:attachment":[{"href":"https:\/\/la-presse-anarchiste.net\/index.php\/wp-json\/wp\/v2\/media?parent=6956"}],"wp:term":[{"taxonomy":"category","embeddable":true,"href":"https:\/\/la-presse-anarchiste.net\/index.php\/wp-json\/wp\/v2\/categories?post=6956"},{"taxonomy":"post_tag","embeddable":true,"href":"https:\/\/la-presse-anarchiste.net\/index.php\/wp-json\/wp\/v2\/tags?post=6956"},{"taxonomy":"author","embeddable":true,"href":"https:\/\/la-presse-anarchiste.net\/index.php\/wp-json\/wp\/v2\/ppma_author?post=6956"}],"curies":[{"name":"wp","href":"https:\/\/api.w.org\/{rel}","templated":true}]}}