{"id":6968,"date":"1949-10-01T00:01:00","date_gmt":"1949-10-01T00:01:00","guid":{"rendered":"https:\/\/la-presse-anarchiste.net\/?page_id=6968"},"modified":"2024-05-05T09:49:55","modified_gmt":"2024-05-05T09:49:55","slug":"defense-de-lhomme-n13","status":"publish","type":"page","link":"https:\/\/la-presse-anarchiste.net\/index.php\/defense-de-lhomme-1948-1976\/1949-nos-4-a-15\/defense-de-lhomme-n13\/","title":{"rendered":"D\u00e9fense de l\u2019Homme n\u00b013"},"content":{"rendered":"<div class=\"pdfprnt-buttons pdfprnt-buttons-page pdfprnt-top-right\"><a href=\"https:\/\/la-presse-anarchiste.net\/index.php\/wp-json\/wp\/v2\/pages\/6968?print=pdf\" class=\"pdfprnt-button pdfprnt-button-pdf\" target=\"_blank\"><img decoding=\"async\" src=\"https:\/\/la-presse-anarchiste.net\/wp-content\/plugins\/pdf-print\/images\/pdf.png\" alt=\"image_pdf\" title=\"Afficher le PDF\"><\/a><a href=\"https:\/\/la-presse-anarchiste.net\/index.php\/wp-json\/wp\/v2\/pages\/6968?print=print\" class=\"pdfprnt-button pdfprnt-button-print\" target=\"_blank\"><img decoding=\"async\" src=\"https:\/\/la-presse-anarchiste.net\/wp-content\/plugins\/pdf-print\/images\/print.png\" alt=\"image_print\" title=\"Contenu imprim\u00e9\"><\/a><\/div><p>Au som\u00admaire&nbsp;:<\/p>\n<ul>\n<li>Vers un ras\u00adsem\u00adble\u00adment des v\u00e9ri\u00adtables syn\u00addi\u00adca\u00adlistes (Louis Lecoin)<\/li>\n<li>\u00c0 pro\u00adpos de l\u2019ob\u00adjec\u00adtion de conscience (Robert Jospin)<\/li>\n<li>\u00c0 pro\u00adpos d\u2019un mee\u00adting (Louis Lecoin)<\/li>\n<li>Les francs-tireurs de la paix (Mau\u00adrice Doutreau)<\/li>\n<li>L\u2019in\u00addi\u00advi\u00addu, l\u2019in\u00addi\u00advi\u00addua\u00adlisme, l\u2019a\u00adnar\u00adchisme (Gas\u00adton&nbsp;Leval)<\/li>\n<li>Ceux d\u2019hier&nbsp;: Liber\u00adtad (\u00c9mile Bachelet)<\/li>\n<li>L\u2019es\u00adprit libre (Georges Pascal)<\/li>\n<li>Com\u00adment gagner la pro\u00adchaine&nbsp;? (L\u00e9o Campion)<\/li>\n<li><a href=\"https:\/\/la-presse-anarchiste.net\/index.php\/1950\/03\/01\/la-solution-egalitaire\/\">La solu\u00adtion \u00e9ga\u00adli\u00adtaire<\/a> (Lyg)<\/li>\n<li>Un ami des enfants qui s\u2019en va (Geor\u00adgette&nbsp;Ryner)<\/li>\n<li>Un aspect du pro\u00adbl\u00e8me du pro\u00adgr\u00e8s (Albert Paraz)<\/li>\n<li>Les films (Roger Toussenot)<\/li>\n<li>Trois mille ans de ter\u00adreur mili\u00adtaire (S. Vergine)<\/li>\n<li>L\u2019en\u00adfant du fond de la classe (Yvon de&nbsp;Retz)<\/li>\n<li>His\u00adtoires v\u00e9cues du jour et de la nuit (Le Biffin)<\/li>\n<li>Lec\u00adtures d\u2019ac\u00adtua\u00adli\u00adt\u00e9&nbsp;: la machine ou l\u2019homme&nbsp;? (Alain Sergent)<\/li>\n<li>Des incon\u00ads\u00e9\u00adquences d\u2019un non-confor\u00admisme \u00e0 \u0153ill\u00e8res (Charles-Auguste Bontemps)<\/li>\n<li>Du b\u00e9b\u00e9 \u00ab&nbsp;b\u00e9b\u00e9 seringue&nbsp;\u00bb \u00e0 la vie \u00e9ter\u00adnelle (\u00c9douard Eliet)<\/li>\n<li>Et si l\u2019his\u00adtoire venait \u00e0 nous man\u00adquer&nbsp;? (Louis Pauwels)<\/li>\n<li><a href=\"https:\/\/la-presse-anarchiste.net\/index.php\/1949\/10\/01\/a-la-recherche-de-la-laicite-egaree\/\">\u00c0 la recherche de la la\u00ef\u00adci\u00adt\u00e9 \u00e9ga\u00adr\u00e9e<\/a> (Pierre-Valen\u00adtin Berthier)<\/li>\n<\/ul>\n","protected":false},"excerpt":{"rendered":"<p>Octobre 1949<\/p>\n","protected":false},"author":8,"featured_media":4535,"parent":6928,"menu_order":10,"comment_status":"closed","ping_status":"closed","template":"wp-custom-template-cahiers-humanisme-libertaire","meta":{"wp_typography_post_enhancements_disabled":false,"footnotes":""},"categories":[],"tags":[],"ppma_author":[680],"class_list":["post-6968","page","type-page","status-publish","has-post-thumbnail","hentry"],"_links":{"self":[{"href":"https:\/\/la-presse-anarchiste.net\/index.php\/wp-json\/wp\/v2\/pages\/6968","targetHints":{"allow":["GET"]}}],"collection":[{"href":"https:\/\/la-presse-anarchiste.net\/index.php\/wp-json\/wp\/v2\/pages"}],"about":[{"href":"https:\/\/la-presse-anarchiste.net\/index.php\/wp-json\/wp\/v2\/types\/page"}],"author":[{"embeddable":true,"href":"https:\/\/la-presse-anarchiste.net\/index.php\/wp-json\/wp\/v2\/users\/8"}],"replies":[{"embeddable":true,"href":"https:\/\/la-presse-anarchiste.net\/index.php\/wp-json\/wp\/v2\/comments?post=6968"}],"version-history":[{"count":3,"href":"https:\/\/la-presse-anarchiste.net\/index.php\/wp-json\/wp\/v2\/pages\/6968\/revisions"}],"predecessor-version":[{"id":7352,"href":"https:\/\/la-presse-anarchiste.net\/index.php\/wp-json\/wp\/v2\/pages\/6968\/revisions\/7352"}],"up":[{"embeddable":true,"href":"https:\/\/la-presse-anarchiste.net\/index.php\/wp-json\/wp\/v2\/pages\/6928"}],"wp:featuredmedia":[{"embeddable":true,"href":"https:\/\/la-presse-anarchiste.net\/index.php\/wp-json\/wp\/v2\/media\/4535"}],"wp:attachment":[{"href":"https:\/\/la-presse-anarchiste.net\/index.php\/wp-json\/wp\/v2\/media?parent=6968"}],"wp:term":[{"taxonomy":"category","embeddable":true,"href":"https:\/\/la-presse-anarchiste.net\/index.php\/wp-json\/wp\/v2\/categories?post=6968"},{"taxonomy":"post_tag","embeddable":true,"href":"https:\/\/la-presse-anarchiste.net\/index.php\/wp-json\/wp\/v2\/tags?post=6968"},{"taxonomy":"author","embeddable":true,"href":"https:\/\/la-presse-anarchiste.net\/index.php\/wp-json\/wp\/v2\/ppma_author?post=6968"}],"curies":[{"name":"wp","href":"https:\/\/api.w.org\/{rel}","templated":true}]}}