{"id":7429,"date":"1980-09-01T00:00:22","date_gmt":"1980-09-01T00:00:22","guid":{"rendered":"https:\/\/la-presse-anarchiste.net\/?page_id=7429"},"modified":"2024-05-12T09:50:25","modified_gmt":"2024-05-12T09:50:25","slug":"iztok-n2-supplement","status":"publish","type":"page","link":"https:\/\/la-presse-anarchiste.net\/index.php\/iztok-1980-1991\/iztok-n2-supplement\/","title":{"rendered":"Iztok n\u00b02 (suppl\u00e9ment)"},"content":{"rendered":"<div class=\"pdfprnt-buttons pdfprnt-buttons-page pdfprnt-top-right\"><a href=\"https:\/\/la-presse-anarchiste.net\/index.php\/wp-json\/wp\/v2\/pages\/7429?print=pdf\" class=\"pdfprnt-button pdfprnt-button-pdf\" target=\"_blank\"><img decoding=\"async\" src=\"https:\/\/la-presse-anarchiste.net\/wp-content\/plugins\/pdf-print\/images\/pdf.png\" alt=\"image_pdf\" title=\"Afficher le PDF\"><\/a><a href=\"https:\/\/la-presse-anarchiste.net\/index.php\/wp-json\/wp\/v2\/pages\/7429?print=print\" class=\"pdfprnt-button pdfprnt-button-print\" target=\"_blank\"><img decoding=\"async\" src=\"https:\/\/la-presse-anarchiste.net\/wp-content\/plugins\/pdf-print\/images\/print.png\" alt=\"image_print\" title=\"Contenu imprim\u00e9\"><\/a><\/div><h5 style=\"text-align: center;\">Pologne \u00c9t\u00e9 80&nbsp;: documents sur les gr\u00e8ves<br>\nUrsus, juillet 1980<br>\nGdansk, d\u00e9cembre 1979\u200a\u2014\u200aao\u00fbt&nbsp;1980<\/h5>\n<ul>\n<li><a href=\"https:\/\/la-presse-anarchiste.net\/index.php\/1980\/09\/01\/presentation-4\/\">Pr\u00e9\u00adsen\u00adta\u00adtion<\/a><\/li>\n<li><a href=\"https:\/\/la-presse-anarchiste.net\/index.php\/1980\/09\/01\/les-symptomes\/\">Les symp\u00adt\u00f4mes&nbsp;: le neu\u00advi\u00e8me anni\u00adver\u00adsaire de d\u00e9cembre 1970 \u00e0 Gdansk<\/a><\/li>\n<li>2. <a href=\"https:\/\/la-presse-anarchiste.net\/index.php\/2007\/11\/22\/relation-dun-participant-a-la-greve-dursus-juillet-1980\/\">Rela\u00adtion d\u2019un par\u00adti\u00adci\u00adpant \u00e0 la gr\u00e8ve d\u2019Ursus (juillet 1980)<\/a><\/li>\n<li>3. <a href=\"https:\/\/la-presse-anarchiste.net\/index.php\/1980\/09\/01\/gdansk-la-greve-politique\/\">Gdansk, la gr\u00e8ve politique<\/a><\/li>\n<li>4. <a href=\"https:\/\/la-presse-anarchiste.net\/index.php\/1980\/09\/01\/solidarnosc-le-bulletin-de-greve-des-ouvriers-de-gdansk\/\">Soli\u00addar\u00adnosc, Le bul\u00adle\u00adtin de gr\u00e8ve des ouvriers de Gdansk<\/a><\/li>\n<\/ul>\n","protected":false},"excerpt":{"rendered":"<p>Sep\u00adtembre 1980<\/p>\n","protected":false},"author":8,"featured_media":5945,"parent":4943,"menu_order":2,"comment_status":"closed","ping_status":"closed","template":"wp-custom-template-cahiers-humanisme-libertaire","meta":{"wp_typography_post_enhancements_disabled":false,"footnotes":""},"categories":[79],"tags":[],"ppma_author":[680],"class_list":["post-7429","page","type-page","status-publish","has-post-thumbnail","hentry","category-iztok-1980-1991"],"_links":{"self":[{"href":"https:\/\/la-presse-anarchiste.net\/index.php\/wp-json\/wp\/v2\/pages\/7429","targetHints":{"allow":["GET"]}}],"collection":[{"href":"https:\/\/la-presse-anarchiste.net\/index.php\/wp-json\/wp\/v2\/pages"}],"about":[{"href":"https:\/\/la-presse-anarchiste.net\/index.php\/wp-json\/wp\/v2\/types\/page"}],"author":[{"embeddable":true,"href":"https:\/\/la-presse-anarchiste.net\/index.php\/wp-json\/wp\/v2\/users\/8"}],"replies":[{"embeddable":true,"href":"https:\/\/la-presse-anarchiste.net\/index.php\/wp-json\/wp\/v2\/comments?post=7429"}],"version-history":[{"count":6,"href":"https:\/\/la-presse-anarchiste.net\/index.php\/wp-json\/wp\/v2\/pages\/7429\/revisions"}],"predecessor-version":[{"id":7455,"href":"https:\/\/la-presse-anarchiste.net\/index.php\/wp-json\/wp\/v2\/pages\/7429\/revisions\/7455"}],"up":[{"embeddable":true,"href":"https:\/\/la-presse-anarchiste.net\/index.php\/wp-json\/wp\/v2\/pages\/4943"}],"wp:featuredmedia":[{"embeddable":true,"href":"https:\/\/la-presse-anarchiste.net\/index.php\/wp-json\/wp\/v2\/media\/5945"}],"wp:attachment":[{"href":"https:\/\/la-presse-anarchiste.net\/index.php\/wp-json\/wp\/v2\/media?parent=7429"}],"wp:term":[{"taxonomy":"category","embeddable":true,"href":"https:\/\/la-presse-anarchiste.net\/index.php\/wp-json\/wp\/v2\/categories?post=7429"},{"taxonomy":"post_tag","embeddable":true,"href":"https:\/\/la-presse-anarchiste.net\/index.php\/wp-json\/wp\/v2\/tags?post=7429"},{"taxonomy":"author","embeddable":true,"href":"https:\/\/la-presse-anarchiste.net\/index.php\/wp-json\/wp\/v2\/ppma_author?post=7429"}],"curies":[{"name":"wp","href":"https:\/\/api.w.org\/{rel}","templated":true}]}}