{"id":8663,"date":"1922-04-01T00:00:48","date_gmt":"1922-04-01T00:00:48","guid":{"rendered":"https:\/\/la-presse-anarchiste.net\/?page_id=8663"},"modified":"2025-07-14T16:22:53","modified_gmt":"2025-07-14T16:22:53","slug":"la-revue-anarchiste-n4","status":"publish","type":"page","link":"https:\/\/la-presse-anarchiste.net\/index.php\/la-revue-anarchiste-1922-1925\/la-revue-anarchiste-n4\/","title":{"rendered":"La Revue anarchiste n\u00b04"},"content":{"rendered":"<div class=\"pdfprnt-buttons pdfprnt-buttons-page pdfprnt-top-right\"><a href=\"https:\/\/la-presse-anarchiste.net\/index.php\/wp-json\/wp\/v2\/pages\/8663?print=pdf\" class=\"pdfprnt-button pdfprnt-button-pdf\" target=\"_blank\"><img decoding=\"async\" src=\"https:\/\/la-presse-anarchiste.net\/wp-content\/plugins\/pdf-print\/images\/pdf.png\" alt=\"image_pdf\" title=\"Afficher le PDF\"><\/a><a href=\"https:\/\/la-presse-anarchiste.net\/index.php\/wp-json\/wp\/v2\/pages\/8663?print=print\" class=\"pdfprnt-button pdfprnt-button-print\" target=\"_blank\"><img decoding=\"async\" src=\"https:\/\/la-presse-anarchiste.net\/wp-content\/plugins\/pdf-print\/images\/print.png\" alt=\"image_print\" title=\"Contenu imprim\u00e9\"><\/a><\/div><h5>Au sommaire<\/h5>\n<ul>\n<li><a href=\"https:\/\/la-presse-anarchiste.net\/index.php\/1922\/04\/01\/la-revolution-russe\/\">La R\u00e9vo\u00adlu\u00adtion Russe<\/a>&nbsp;(Alexandre Berkman)<\/li>\n<li><a href=\"https:\/\/la-presse-anarchiste.net\/index.php\/1922\/02\/11\/revue-des-journaux-4\/\">Revue des Jour\u00adnaux<\/a>&nbsp;(Pierre Muald\u00e8s)<\/li>\n<li><a href=\"https:\/\/la-presse-anarchiste.net\/index.php\/1922\/04\/01\/revue-des-revues-4\/\">Revue des Revues<\/a>&nbsp;(Mau\u00adrice Wullens)<\/li>\n<li><a href=\"https:\/\/la-presse-anarchiste.net\/index.php\/1922\/04\/01\/pensees-anarchistes-2\/\">Pen\u00ads\u00e9es Anar\u00adchistes<\/a>&nbsp;(M.&nbsp;Raymond)<\/li>\n<li><strong>Simples Aper\u00ad\u00e7us<\/strong><br> \u2013 La Franc-Ma\u00e7on\u00adne\u00adrie\u200a\u2014\u200aParal\u00adl\u00e8le&nbsp;(\u00c9douard Lapeyre)<\/li>\n<li>De l\u2019autre rive&nbsp;(Rudolf Rocker)<\/li>\n<li><strong>Choses v\u00e9cues<\/strong><br> \u2013 Pre\u00admi\u00e8re lettre&nbsp;(Voline)<\/li>\n<li><a href=\"https:\/\/la-presse-anarchiste.net\/index.php\/1922\/04\/01\/lattitude-de-la-troisieme-internationale-envers-les-anarchistes\/\">La III<sup>e<\/sup> Inter\u00adna\u00adtio\u00adnale et les Anar\u00adchistes<\/a>&nbsp;(Lui\u00adgi Fabbri)<\/li>\n<li>Enqu\u00eate sur le \u00ab&nbsp;Fonc\u00adtion\u00adna\u00adrisme syn\u00addi\u00adcal&nbsp;\u00bb&nbsp;(Le Tex\u00adtile de Croix, Content, Sal\u00adduc\u00adci, Lemonnier)<\/li>\n<li>Notre Nou\u00advelle Enqu\u00eate&nbsp;(S\u00e9bas\u00adtien&nbsp;Faure)<\/li>\n<li>L\u00e9on Tol\u00adsto\u00ef&nbsp;: Sa Vie et son \u0153uvre&nbsp;(F. \u00c9losu)<\/li>\n<li><strong>Rions un&nbsp;brin<\/strong><br> \u2013 Tchit\u00adch\u00e9\u00adrine&nbsp;(Mau\u00adri\u00adcius)<\/li>\n<li>La Science et l\u2019Anarchisme&nbsp;(L\u00e9on Rouget)<\/li>\n<li><strong>Quelques Types<\/strong><br> \u2013 <a href=\"https:\/\/la-presse-anarchiste.net\/wp-admin\/2889\">Ma\u00eetre Gros\u00adsard<\/a>&nbsp;(Antoine Antignac)<\/li>\n<li><a href=\"https:\/\/la-presse-anarchiste.net\/wp-admin\/2888\">R\u00e9flexions sur le Congr\u00e8s de Ber\u00adlin<\/a>&nbsp;(suite) (B. de&nbsp;Ligt)<\/li>\n<li><strong>Ce qui se&nbsp;passe&nbsp;:<\/strong><br> \u2013 Dans les Syn\u00addi\u00adcats&nbsp;(V\u00e9ber)<br> \u2013 Dans les Grou\u00adpe\u00adments anar\u00adchistes&nbsp;(M.&nbsp;Fister)<br> \u2013 Dans l\u2019Arm\u00e9e&nbsp;(Un contemp\u00adteur de l\u2019Arm\u00e9e)<br> \u2013 \u00c0 l\u2019\u00c9cole&nbsp;(Le Pion \u00c9mancip\u00e9)<br> \u2013 Au Palais&nbsp;(M.&nbsp;Raymond)<\/li>\n<li><strong>\u00c9cou\u00adtons nos Compagnes<\/strong><br>\nLa femme et l\u2019exemple&nbsp;(Une R\u00e9volt\u00e9e)<\/li>\n<li><strong>La Voix syndicaliste<\/strong><br> \u2013 Vers une f\u00e9d\u00e9\u00adra\u00adtion uni\u00adtaire des tra\u00advailleurs du monde&nbsp;(Andr\u00e9 Colomer)<\/li>\n<li>La Vie litt\u00e9raire<br> \u2013 Un ap\u00f4tre de l\u2019id\u00e9al com\u00admu\u00adniste liber\u00adtaire, S\u00e9bas\u00adtien Faure&nbsp;(P. Vign\u00e9 d\u2019Octon)<\/li>\n<li><strong>La Vie artistique<\/strong><br> \u2013 M\u00e9langes&nbsp;(L. Julliard)<\/li>\n<li><strong>La Vie th\u00e9\u00e2trale<\/strong><br> \u2013 Le Th\u00e9\u00e2tre Conf\u00e9\u00add\u00e9\u00adral de la Grange-aux-Belles&nbsp;(Andr\u00e9 Colomer)<\/li>\n<li>Le Sport Fon\u00adda\u00admen\u00adtal&nbsp;: La Pen\u00ads\u00e9e&nbsp;(S\u00e9bas\u00adtien&nbsp;Faure)<\/li>\n<li>Docu\u00adments et Sta\u00adtis\u00adtiques&nbsp;(L\u00e9on Rouget)<\/li>\n<li>Tableau des Abon\u00adn\u00e9s par D\u00e9par\u00adte\u00adments&nbsp;(La R.A.)<\/li>\n<\/ul>\n","protected":false},"excerpt":{"rendered":"<p>Avril 1922<\/p>\n","protected":false},"author":8,"featured_media":8089,"parent":8077,"menu_order":4,"comment_status":"closed","ping_status":"closed","template":"wp-custom-template-cahiers-humanisme-libertaire","meta":{"wp_typography_post_enhancements_disabled":false,"footnotes":""},"categories":[],"tags":[],"ppma_author":[680],"class_list":["post-8663","page","type-page","status-publish","has-post-thumbnail","hentry"],"_links":{"self":[{"href":"https:\/\/la-presse-anarchiste.net\/index.php\/wp-json\/wp\/v2\/pages\/8663","targetHints":{"allow":["GET"]}}],"collection":[{"href":"https:\/\/la-presse-anarchiste.net\/index.php\/wp-json\/wp\/v2\/pages"}],"about":[{"href":"https:\/\/la-presse-anarchiste.net\/index.php\/wp-json\/wp\/v2\/types\/page"}],"author":[{"embeddable":true,"href":"https:\/\/la-presse-anarchiste.net\/index.php\/wp-json\/wp\/v2\/users\/8"}],"replies":[{"embeddable":true,"href":"https:\/\/la-presse-anarchiste.net\/index.php\/wp-json\/wp\/v2\/comments?post=8663"}],"version-history":[{"count":6,"href":"https:\/\/la-presse-anarchiste.net\/index.php\/wp-json\/wp\/v2\/pages\/8663\/revisions"}],"predecessor-version":[{"id":8725,"href":"https:\/\/la-presse-anarchiste.net\/index.php\/wp-json\/wp\/v2\/pages\/8663\/revisions\/8725"}],"up":[{"embeddable":true,"href":"https:\/\/la-presse-anarchiste.net\/index.php\/wp-json\/wp\/v2\/pages\/8077"}],"wp:featuredmedia":[{"embeddable":true,"href":"https:\/\/la-presse-anarchiste.net\/index.php\/wp-json\/wp\/v2\/media\/8089"}],"wp:attachment":[{"href":"https:\/\/la-presse-anarchiste.net\/index.php\/wp-json\/wp\/v2\/media?parent=8663"}],"wp:term":[{"taxonomy":"category","embeddable":true,"href":"https:\/\/la-presse-anarchiste.net\/index.php\/wp-json\/wp\/v2\/categories?post=8663"},{"taxonomy":"post_tag","embeddable":true,"href":"https:\/\/la-presse-anarchiste.net\/index.php\/wp-json\/wp\/v2\/tags?post=8663"},{"taxonomy":"author","embeddable":true,"href":"https:\/\/la-presse-anarchiste.net\/index.php\/wp-json\/wp\/v2\/ppma_author?post=8663"}],"curies":[{"name":"wp","href":"https:\/\/api.w.org\/{rel}","templated":true}]}}