{"id":8932,"date":"1951-03-01T00:00:30","date_gmt":"1951-03-01T00:00:30","guid":{"rendered":"https:\/\/la-presse-anarchiste.net\/?page_id=8932"},"modified":"2025-07-17T18:55:37","modified_gmt":"2025-07-17T18:55:37","slug":"defense-de-lhomme-n30","status":"publish","type":"page","link":"https:\/\/la-presse-anarchiste.net\/index.php\/defense-de-lhomme-1948-1976\/1951-du-n28-au-39\/defense-de-lhomme-n30\/","title":{"rendered":"D\u00e9fense de l\u2019Homme n\u00b030"},"content":{"rendered":"<div class=\"pdfprnt-buttons pdfprnt-buttons-page pdfprnt-top-right\"><a href=\"https:\/\/la-presse-anarchiste.net\/index.php\/wp-json\/wp\/v2\/pages\/8932?print=pdf\" class=\"pdfprnt-button pdfprnt-button-pdf\" target=\"_blank\"><img decoding=\"async\" src=\"https:\/\/la-presse-anarchiste.net\/wp-content\/plugins\/pdf-print\/images\/pdf.png\" alt=\"image_pdf\" title=\"Afficher le PDF\"><\/a><a href=\"https:\/\/la-presse-anarchiste.net\/index.php\/wp-json\/wp\/v2\/pages\/8932?print=print\" class=\"pdfprnt-button pdfprnt-button-print\" target=\"_blank\"><img decoding=\"async\" src=\"https:\/\/la-presse-anarchiste.net\/wp-content\/plugins\/pdf-print\/images\/print.png\" alt=\"image_print\" title=\"Contenu imprim\u00e9\"><\/a><\/div><p><strong>Au Som\u00admaire&nbsp;:<\/strong><\/p>\n<ul>\n<li>Ave\u00adnir pas mort&nbsp;! (Louis Lecoin)<\/li>\n<li>Nous sau\u00adver par l\u2019in\u00adter\u00adna\u00adtio\u00adna\u00adlisme pro\u00adl\u00e9\u00adta\u00adrien (Nico\u00adlas Faucier)<\/li>\n<li>Les forces pro\u00adpul\u00adsives (Ber\u00adnard&nbsp;Malan)<\/li>\n<li>De l\u2019h\u00e9\u00adro\u00efsme (S. \u05abVergine)<\/li>\n<li>Mati\u00e8res pre\u00admi\u00e8res (Robert Proix)<\/li>\n<li>Pla\u00adton, ou le bon\u00adheur par la jus\u00adtice (Georges Pascal)<\/li>\n<li>D\u00e9li\u00adb\u00e9\u00adr\u00e9\u00adment (Yvon de&nbsp;Retz)<\/li>\n<li>Les films\n<ul>\n<li>Ber\u00adna\u00adnos \u00e0 l\u2019\u00e9\u00adcran (gas\u00adton M\u00e9rigneux)<\/li>\n<\/ul>\n<\/li>\n<li>\u00c0 pro\u00adpos de pro\u00adfits (Lau\u00admi\u00e8re)<\/li>\n<li>Recherche de l\u2019homme&nbsp;<ul>\n<li>Les hommes du moyen \u00e2ge (Charles-Auguste Bontemps)<\/li>\n<\/ul>\n<\/li>\n<li>Revue des livres (serge)<\/li>\n<li>Demain (Michel Donnet)<\/li>\n<li>\u00c9ga\u00adli\u00adta\u00adrisme hypo\u00adcrite ou vel\u00adl\u00e9i\u00adtaire (Lyg)<\/li>\n<li>sur les gr\u00e8ves en&nbsp;cours<\/li>\n<li>Lec\u00adtures d\u2019actualit\u00e9&nbsp;<ul>\n<li>La faim du monde (Alain Sergent)<\/li>\n<\/ul>\n<\/li>\n<li>Le salaire de la peur (Mau\u00adrice Joyeux)<\/li>\n<li>\u00c0 pro\u00adpos d\u2019u\u00adto\u00adpies (Andr\u00e9 Prunier)<\/li>\n<li>Un nou\u00advel \u00ab&nbsp;\u00c9mile&nbsp;\u00bb (Eug\u00e8ne Merser)<\/li>\n<li>Un ouvrage de Louis Louvet&nbsp;<\/li>\n<li><a href=\"https:\/\/la-presse-anarchiste.net\/index.php\/1951\/03\/01\/les-cles-et-les-chaines\/\">Les cl\u00e9s et les cha\u00eenes<\/a> (Pierre-Valen\u00adtin Berthier)<\/li>\n<li>Notre gala du 13&nbsp;avril<\/li>\n<\/ul>\n<hr>\n<p>La revue indique que Paul Ras\u00adsi\u00adnier \u00e9tant malade, il n\u2019a pas pu com\u00adpa\u00adra\u00eetre devant le tri\u00adbu\u00adnal cor\u00adrec\u00adtion\u00adnel au pro\u00adc\u00e8s que lui intentent le R.P.F. Miche\u00adlet et le socia\u00adliste Tho\u00admas. Le pro\u00adc\u00e8s est remis \u00e0 une date ult\u00e9rieure.<\/p>\n","protected":false},"excerpt":{"rendered":"<p>Mars 1951<\/p>\n","protected":false},"author":8,"featured_media":4535,"parent":7236,"menu_order":3,"comment_status":"closed","ping_status":"closed","template":"wp-custom-template-cahiers-humanisme-libertaire","meta":{"wp_typography_post_enhancements_disabled":false,"footnotes":""},"categories":[1155],"tags":[],"ppma_author":[680],"class_list":["post-8932","page","type-page","status-publish","has-post-thumbnail","hentry","category-defense-de-lhomme-n30-mars-1951"],"_links":{"self":[{"href":"https:\/\/la-presse-anarchiste.net\/index.php\/wp-json\/wp\/v2\/pages\/8932","targetHints":{"allow":["GET"]}}],"collection":[{"href":"https:\/\/la-presse-anarchiste.net\/index.php\/wp-json\/wp\/v2\/pages"}],"about":[{"href":"https:\/\/la-presse-anarchiste.net\/index.php\/wp-json\/wp\/v2\/types\/page"}],"author":[{"embeddable":true,"href":"https:\/\/la-presse-anarchiste.net\/index.php\/wp-json\/wp\/v2\/users\/8"}],"replies":[{"embeddable":true,"href":"https:\/\/la-presse-anarchiste.net\/index.php\/wp-json\/wp\/v2\/comments?post=8932"}],"version-history":[{"count":5,"href":"https:\/\/la-presse-anarchiste.net\/index.php\/wp-json\/wp\/v2\/pages\/8932\/revisions"}],"predecessor-version":[{"id":8944,"href":"https:\/\/la-presse-anarchiste.net\/index.php\/wp-json\/wp\/v2\/pages\/8932\/revisions\/8944"}],"up":[{"embeddable":true,"href":"https:\/\/la-presse-anarchiste.net\/index.php\/wp-json\/wp\/v2\/pages\/7236"}],"wp:featuredmedia":[{"embeddable":true,"href":"https:\/\/la-presse-anarchiste.net\/index.php\/wp-json\/wp\/v2\/media\/4535"}],"wp:attachment":[{"href":"https:\/\/la-presse-anarchiste.net\/index.php\/wp-json\/wp\/v2\/media?parent=8932"}],"wp:term":[{"taxonomy":"category","embeddable":true,"href":"https:\/\/la-presse-anarchiste.net\/index.php\/wp-json\/wp\/v2\/categories?post=8932"},{"taxonomy":"post_tag","embeddable":true,"href":"https:\/\/la-presse-anarchiste.net\/index.php\/wp-json\/wp\/v2\/tags?post=8932"},{"taxonomy":"author","embeddable":true,"href":"https:\/\/la-presse-anarchiste.net\/index.php\/wp-json\/wp\/v2\/ppma_author?post=8932"}],"curies":[{"name":"wp","href":"https:\/\/api.w.org\/{rel}","templated":true}]}}