{"id":8965,"date":"1951-11-01T00:00:50","date_gmt":"1951-11-01T00:00:50","guid":{"rendered":"https:\/\/la-presse-anarchiste.net\/?page_id=8965"},"modified":"2025-07-18T12:49:59","modified_gmt":"2025-07-18T12:49:59","slug":"defense-de-lhomme-n38","status":"publish","type":"page","link":"https:\/\/la-presse-anarchiste.net\/index.php\/defense-de-lhomme-1948-1976\/1951-du-n28-au-39\/defense-de-lhomme-n38\/","title":{"rendered":"D\u00e9fense de l\u2019Homme n\u00b038"},"content":{"rendered":"<div class=\"pdfprnt-buttons pdfprnt-buttons-page pdfprnt-top-right\"><a href=\"https:\/\/la-presse-anarchiste.net\/index.php\/wp-json\/wp\/v2\/pages\/8965?print=pdf\" class=\"pdfprnt-button pdfprnt-button-pdf\" target=\"_blank\"><img decoding=\"async\" src=\"https:\/\/la-presse-anarchiste.net\/wp-content\/plugins\/pdf-print\/images\/pdf.png\" alt=\"image_pdf\" title=\"Afficher le PDF\"><\/a><a href=\"https:\/\/la-presse-anarchiste.net\/index.php\/wp-json\/wp\/v2\/pages\/8965?print=print\" class=\"pdfprnt-button pdfprnt-button-print\" target=\"_blank\"><img decoding=\"async\" src=\"https:\/\/la-presse-anarchiste.net\/wp-content\/plugins\/pdf-print\/images\/print.png\" alt=\"image_print\" title=\"Contenu imprim\u00e9\"><\/a><\/div><p><strong>Au som\u00admaire&nbsp;:<\/strong><\/p>\n<ul>\n<li>Fautes \u00e0 ne plus com\u00admettre (Louis Lecoin)<\/li>\n<li>Le mee\u00adting (Marie-Jeanne Gauchon)<\/li>\n<li>Sous le signe du ser\u00adpent qui se mord la queue (Paul Rassinier)<\/li>\n<li>L\u2019hydre (P.R.)<\/li>\n<li>L\u2019arbre de No\u00ebl (Aur\u00e8le Patorni)<\/li>\n<li>L\u2019ambition (Georges Pascal)<\/li>\n<li>Tailleur d\u2019hommes (Yvon de&nbsp;Retz)<\/li>\n<li>Pas\u00adsage n\u00e9ces\u00adsaire (Gas\u00adton Lacarce)<\/li>\n<li>Faits divers (Lucas)<\/li>\n<li>Recherche de l\u2019homme\n<ul>\n<li>De la R\u00e9vo\u00adlu\u00adtion fran\u00ad\u00e7aise au d\u00e9clin des id\u00e9es bour\u00adgeoises (Charles-Auguste Bontemps)<\/li>\n<\/ul>\n<\/li>\n<li>Vers la fin d\u2019une mons\u00adtrueuse erreur<\/li>\n<li>\u00c0 pro\u00adpos de com\u00adbat (Jean&nbsp;Cello)<\/li>\n<li>Pour un por\u00adtrait de Julien Blanc (Armand Lanoux)<\/li>\n<li>Revue des livres (Serge)<\/li>\n<li>Les h\u00e9ros vont res\u00adsus\u00adci\u00adter (S. Vergine)<\/li>\n<li>R\u00eaves d\u2019autrefois (Pierre-Valen\u00adtin Berthier)<\/li>\n<li>Des id\u00e9es ont chan\u00adt\u00e9 (Danielle Rubinstain)<\/li>\n<li>Le p\u00e9ch\u00e9 ori\u00adgi\u00adnel (L\u00e9o Campion)<\/li>\n<li>Les grands \u00e9du\u00adca\u00adteurs socialistes&nbsp;<ul>\n<li>Paul Robin (P.R.)<\/li>\n<\/ul>\n<\/li>\n<li>\u00c9ga\u00adli\u00adt\u00e9 et reli\u00adgion (Lyg)<\/li>\n<li>Un r\u00e9veil, enfin&nbsp;! (Louis Lecoin)<\/li>\n<\/ul>\n","protected":false},"excerpt":{"rendered":"<p>Novembre 1951<\/p>\n","protected":false},"author":8,"featured_media":4535,"parent":7236,"menu_order":11,"comment_status":"closed","ping_status":"closed","template":"wp-custom-template-cahiers-humanisme-libertaire","meta":{"wp_typography_post_enhancements_disabled":false,"footnotes":""},"categories":[948],"tags":[],"ppma_author":[680],"class_list":["post-8965","page","type-page","status-publish","has-post-thumbnail","hentry","category-defense-de-lhomme-1951-numeros-28-a-39"],"_links":{"self":[{"href":"https:\/\/la-presse-anarchiste.net\/index.php\/wp-json\/wp\/v2\/pages\/8965","targetHints":{"allow":["GET"]}}],"collection":[{"href":"https:\/\/la-presse-anarchiste.net\/index.php\/wp-json\/wp\/v2\/pages"}],"about":[{"href":"https:\/\/la-presse-anarchiste.net\/index.php\/wp-json\/wp\/v2\/types\/page"}],"author":[{"embeddable":true,"href":"https:\/\/la-presse-anarchiste.net\/index.php\/wp-json\/wp\/v2\/users\/8"}],"replies":[{"embeddable":true,"href":"https:\/\/la-presse-anarchiste.net\/index.php\/wp-json\/wp\/v2\/comments?post=8965"}],"version-history":[{"count":2,"href":"https:\/\/la-presse-anarchiste.net\/index.php\/wp-json\/wp\/v2\/pages\/8965\/revisions"}],"predecessor-version":[{"id":8967,"href":"https:\/\/la-presse-anarchiste.net\/index.php\/wp-json\/wp\/v2\/pages\/8965\/revisions\/8967"}],"up":[{"embeddable":true,"href":"https:\/\/la-presse-anarchiste.net\/index.php\/wp-json\/wp\/v2\/pages\/7236"}],"wp:featuredmedia":[{"embeddable":true,"href":"https:\/\/la-presse-anarchiste.net\/index.php\/wp-json\/wp\/v2\/media\/4535"}],"wp:attachment":[{"href":"https:\/\/la-presse-anarchiste.net\/index.php\/wp-json\/wp\/v2\/media?parent=8965"}],"wp:term":[{"taxonomy":"category","embeddable":true,"href":"https:\/\/la-presse-anarchiste.net\/index.php\/wp-json\/wp\/v2\/categories?post=8965"},{"taxonomy":"post_tag","embeddable":true,"href":"https:\/\/la-presse-anarchiste.net\/index.php\/wp-json\/wp\/v2\/tags?post=8965"},{"taxonomy":"author","embeddable":true,"href":"https:\/\/la-presse-anarchiste.net\/index.php\/wp-json\/wp\/v2\/ppma_author?post=8965"}],"curies":[{"name":"wp","href":"https:\/\/api.w.org\/{rel}","templated":true}]}}