{"id":9252,"date":"1925-04-15T00:00:28","date_gmt":"1925-04-15T00:00:28","guid":{"rendered":"https:\/\/la-presse-anarchiste.net\/?page_id=9252"},"modified":"2025-07-22T02:27:31","modified_gmt":"2025-07-22T02:27:31","slug":"plus-loin-n2","status":"publish","type":"page","link":"https:\/\/la-presse-anarchiste.net\/index.php\/plus-loin\/plus-loin-1925\/plus-loin-n2\/","title":{"rendered":"Plus Loin n\u00b02"},"content":{"rendered":"<div class=\"pdfprnt-buttons pdfprnt-buttons-page pdfprnt-top-right\"><a href=\"https:\/\/la-presse-anarchiste.net\/index.php\/wp-json\/wp\/v2\/pages\/9252?print=pdf\" class=\"pdfprnt-button pdfprnt-button-pdf\" target=\"_blank\"><img decoding=\"async\" src=\"https:\/\/la-presse-anarchiste.net\/wp-content\/plugins\/pdf-print\/images\/pdf.png\" alt=\"image_pdf\" title=\"Afficher le PDF\"><\/a><a href=\"https:\/\/la-presse-anarchiste.net\/index.php\/wp-json\/wp\/v2\/pages\/9252?print=print\" class=\"pdfprnt-button pdfprnt-button-print\" target=\"_blank\"><img decoding=\"async\" src=\"https:\/\/la-presse-anarchiste.net\/wp-content\/plugins\/pdf-print\/images\/print.png\" alt=\"image_print\" title=\"Contenu imprim\u00e9\"><\/a><\/div><p><strong>Au som\u00admaire&nbsp;:<\/strong><\/p>\n<ul>\n<li><a href=\"https:\/\/la-presse-anarchiste.net\/index.php\/1925\/04\/15\/plus-loin-que-la-politique\/\">Plus loin\u2026 que la poli\u00adtique<\/a>&nbsp;(P. Reclus)<\/li>\n<li><b>Les rai\u00adsons d\u2019agir<\/b>\n<ul>\n<li><a href=\"https:\/\/la-presse-anarchiste.net\/index.php\/1925\/04\/15\/le-progres\/\">Le pro\u00adgr\u00e8s<\/a>&nbsp;(M.&nbsp;Pierrot)<\/li>\n<\/ul>\n<\/li>\n<li><a href=\"https:\/\/la-presse-anarchiste.net\/index.php\/1925\/04\/15\/la-liberation-dune-conscience\/\">La lib\u00e9\u00adra\u00adtion d\u2019un conscience<\/a>&nbsp;(\u00c9li\u00ads\u00e9e Reclus)<\/li>\n<li><a href=\"https:\/\/la-presse-anarchiste.net\/index.php\/1925\/04\/15\/les-charges-militaires\/\">Les charges militaires<\/a><\/li>\n<li><a href=\"https:\/\/la-presse-anarchiste.net\/index.php\/1925\/04\/15\/quelques-reflexions-economiques\/\">Quelques r\u00e9flexions \u00e9co\u00adno\u00admiques<\/a>&nbsp;(M.P.)<\/li>\n<li><a href=\"https:\/\/la-presse-anarchiste.net\/index.php\/1925\/04\/15\/la-huerta-de-valence-2\/\">La Huer\u00adta de Valence<\/a>&nbsp;(P. Jousset)<\/li>\n<li><a href=\"https:\/\/la-presse-anarchiste.net\/index.php\/1925\/04\/15\/dans-notre-courrier-9\/\">Dans notre cour\u00adrier<\/a>&nbsp;(X.)<\/li>\n<li><a href=\"https:\/\/la-presse-anarchiste.net\/index.php\/1925\/03\/15\/communication-2\/\">Com\u00admu\u00adni\u00adca\u00adtion<\/a><\/li>\n<\/ul>\n<p>Les coti\u00adsa\u00adtions re\u00e7ues pour ce num\u00e9\u00adro, s\u2019\u00e9l\u00e8vent \u00e0 352,75 francs<\/p>\n","protected":false},"excerpt":{"rendered":"<p>15 avril&nbsp;1925<\/p>\n","protected":false},"author":8,"featured_media":9209,"parent":9214,"menu_order":2,"comment_status":"closed","ping_status":"closed","template":"wp-custom-template-cahiers-humanisme-libertaire","meta":{"wp_typography_post_enhancements_disabled":false,"footnotes":""},"categories":[],"tags":[],"ppma_author":[680],"class_list":["post-9252","page","type-page","status-publish","has-post-thumbnail","hentry"],"_links":{"self":[{"href":"https:\/\/la-presse-anarchiste.net\/index.php\/wp-json\/wp\/v2\/pages\/9252","targetHints":{"allow":["GET"]}}],"collection":[{"href":"https:\/\/la-presse-anarchiste.net\/index.php\/wp-json\/wp\/v2\/pages"}],"about":[{"href":"https:\/\/la-presse-anarchiste.net\/index.php\/wp-json\/wp\/v2\/types\/page"}],"author":[{"embeddable":true,"href":"https:\/\/la-presse-anarchiste.net\/index.php\/wp-json\/wp\/v2\/users\/8"}],"replies":[{"embeddable":true,"href":"https:\/\/la-presse-anarchiste.net\/index.php\/wp-json\/wp\/v2\/comments?post=9252"}],"version-history":[{"count":3,"href":"https:\/\/la-presse-anarchiste.net\/index.php\/wp-json\/wp\/v2\/pages\/9252\/revisions"}],"predecessor-version":[{"id":9274,"href":"https:\/\/la-presse-anarchiste.net\/index.php\/wp-json\/wp\/v2\/pages\/9252\/revisions\/9274"}],"up":[{"embeddable":true,"href":"https:\/\/la-presse-anarchiste.net\/index.php\/wp-json\/wp\/v2\/pages\/9214"}],"wp:featuredmedia":[{"embeddable":true,"href":"https:\/\/la-presse-anarchiste.net\/index.php\/wp-json\/wp\/v2\/media\/9209"}],"wp:attachment":[{"href":"https:\/\/la-presse-anarchiste.net\/index.php\/wp-json\/wp\/v2\/media?parent=9252"}],"wp:term":[{"taxonomy":"category","embeddable":true,"href":"https:\/\/la-presse-anarchiste.net\/index.php\/wp-json\/wp\/v2\/categories?post=9252"},{"taxonomy":"post_tag","embeddable":true,"href":"https:\/\/la-presse-anarchiste.net\/index.php\/wp-json\/wp\/v2\/tags?post=9252"},{"taxonomy":"author","embeddable":true,"href":"https:\/\/la-presse-anarchiste.net\/index.php\/wp-json\/wp\/v2\/ppma_author?post=9252"}],"curies":[{"name":"wp","href":"https:\/\/api.w.org\/{rel}","templated":true}]}}