{"id":9652,"date":"1945-11-01T00:00:52","date_gmt":"1945-11-01T00:00:52","guid":{"rendered":"https:\/\/la-presse-anarchiste.net\/?page_id=9652"},"modified":"2025-08-01T13:58:35","modified_gmt":"2025-08-01T13:58:35","slug":"lunique-n5","status":"publish","type":"page","link":"https:\/\/la-presse-anarchiste.net\/index.php\/lunique\/lunique-n5\/","title":{"rendered":"L\u2019Unique n\u00b05"},"content":{"rendered":"<div class=\"pdfprnt-buttons pdfprnt-buttons-page pdfprnt-top-right\"><a href=\"https:\/\/la-presse-anarchiste.net\/index.php\/wp-json\/wp\/v2\/pages\/9652?print=pdf\" class=\"pdfprnt-button pdfprnt-button-pdf\" target=\"_blank\"><img decoding=\"async\" src=\"https:\/\/la-presse-anarchiste.net\/wp-content\/plugins\/pdf-print\/images\/pdf.png\" alt=\"image_pdf\" title=\"Afficher le PDF\"><\/a><a href=\"https:\/\/la-presse-anarchiste.net\/index.php\/wp-json\/wp\/v2\/pages\/9652?print=print\" class=\"pdfprnt-button pdfprnt-button-print\" target=\"_blank\"><img decoding=\"async\" src=\"https:\/\/la-presse-anarchiste.net\/wp-content\/plugins\/pdf-print\/images\/print.png\" alt=\"image_print\" title=\"Contenu imprim\u00e9\"><\/a><\/div><p><strong>Au som\u00admaire&nbsp;:<\/strong><\/p>\n<ul>\n<li><a href=\"https:\/\/la-presse-anarchiste.net\/index.php\/1945\/11\/01\/la-force-du-mepris\/\">La force du m\u00e9pris<\/a> (Ange\u00adlo&nbsp;Jorge)<\/li>\n<li>O\u00f9 va l\u2019humanit\u00e9 (Ixi\u00adgrec)\n<ul>\n<li><a href=\"https:\/\/la-presse-anarchiste.net\/index.php\/1945\/11\/01\/ou-va-lhumanite\/\">6. La n\u00e9ces\u00adsi\u00adt\u00e9 mode\u00adleuse de la tradition<\/a><\/li>\n<\/ul>\n<\/li>\n<li><a href=\"https:\/\/la-presse-anarchiste.net\/index.php\/1945\/11\/01\/realites-verites-4\/\">R\u00e9a\u00adli\u00adt\u00e9s, v\u00e9ri\u00adt\u00e9s<\/a> (G\u00e9rard de Lacaze-Duthiers)<\/li>\n<li><a href=\"https:\/\/la-presse-anarchiste.net\/index.php\/1945\/11\/01\/le-probleme-de-lamour\/\">Le pro\u00adbl\u00e8me de l\u2019amour<\/a> (Erri\u00adco Malatesta)<\/li>\n<li><a href=\"https:\/\/la-presse-anarchiste.net\/index.php\/1945\/11\/01\/evolution-feminine\/\">\u00c9vo\u00adlu\u00adtion f\u00e9mi\u00adnine<\/a> (S.C.)<\/li>\n<li>Haute \u00e9cole\n<ul>\n<li><a href=\"https:\/\/la-presse-anarchiste.net\/index.php\/2007\/04\/13\/haute-ecole-5\/\">Chez les intel\u00adlec\u00adtuels<\/a>&nbsp;(Manuel Devald\u00e8s)<\/li>\n<\/ul>\n<\/li>\n<li><a href=\"https:\/\/la-presse-anarchiste.net\/index.php\/1945\/11\/01\/mon-camarade\/\">Mon cama\u00adrade<\/a> (E. R. Duanyer)<\/li>\n<li><a href=\"https:\/\/la-presse-anarchiste.net\/index.php\/1945\/11\/01\/a-propos-de-labbaye-de-theleme\/\">\u00c0 pro\u00adpos de l\u2019abbaye de Th\u00e9\u00adl\u00e8me<\/a> (E. Armand)<\/li>\n<li><a href=\"https:\/\/la-presse-anarchiste.net\/index.php\/2007\/04\/13\/un-temoin-de-la-mauvaise-naissance\/\">Un \u00ab&nbsp;t\u00e9moin&nbsp;\u00bb de la mau\u00advaise nais\u00adsance<\/a> (Manuel Devald\u00e8s)&nbsp;<ul>\n<li>Divorce (Marius Scalesi)<\/li>\n<li>Men\u00adsonge (Marius Scalesi)<\/li>\n<\/ul>\n<\/li>\n<li><a href=\"https:\/\/la-presse-anarchiste.net\/index.php\/1945\/11\/01\/entre-nous-6\/\">Entre nous<\/a> (E. Armand)<\/li>\n<li><a href=\"https:\/\/la-presse-anarchiste.net\/index.php\/1945\/11\/01\/lamour-veritable\/\">L\u2019amour v\u00e9ri\u00adtable<\/a> (J. William Lloyd)<\/li>\n<li>L\u2019imprimerie, la sc\u00e8ne, l\u2019\u00e9cran (simple liste, non trans\u00adcrite&nbsp;ici)<\/li>\n<li><a href=\"https:\/\/la-presse-anarchiste.net\/index.php\/1945\/11\/01\/la-parole-donnee\/\">La parole don\u00adn\u00e9e<\/a> (E. Armand)<\/li>\n<li><a href=\"https:\/\/la-presse-anarchiste.net\/index.php\/1945\/11\/01\/en-relisant-stirner-2\/\">En reli\u00adsant Stir\u00adner<\/a> (2) (J.-P. Sieurac)<\/li>\n<li><a href=\"https:\/\/la-presse-anarchiste.net\/index.php\/1945\/11\/01\/don-juan\/\">Don Juan<\/a> (E. Armand)<\/li>\n<li><a href=\"https:\/\/la-presse-anarchiste.net\/index.php\/1945\/11\/01\/du-haut-de-mon-mirador-5\/\">Du haut de mon mira\u00addor<\/a> (Qui&nbsp;C\u00e9)<\/li>\n<li><strong>Vari\u00e9\u00adt\u00e9s<\/strong>\n<ul>\n<li><a href=\"https:\/\/la-presse-anarchiste.net\/index.php\/1945\/11\/01\/varietes\/\">Baba\u00adbek et les fakirs<\/a> (Vol\u00adtaire)<\/li>\n<\/ul>\n<\/li>\n<li><a href=\"https:\/\/la-presse-anarchiste.net\/index.php\/1945\/11\/01\/les-precurseurs\/\">Les pr\u00e9\u00adcur\u00adseurs&nbsp;: l\u2019individualisme pr\u00e9\u00adso\u00adcra\u00adtique<\/a> (Joane)<\/li>\n<li><a href=\"https:\/\/la-presse-anarchiste.net\/index.php\/1945\/11\/01\/sexualisme-et-amour\/\">Sexua\u00adlisme et amour<\/a> (Per\u00advenche)<\/li>\n<li><a href=\"https:\/\/la-presse-anarchiste.net\/index.php\/1945\/11\/01\/lettre-des-pays-bas\/\">Lettre des Pays-Bas<\/a> (A.C. Bakels)<\/li>\n<\/ul>\n<p>Trois mots aux amis&nbsp;: petite cor\u00adres\u00adpon\u00addance, (non trans\u00adcrite ici). \u00c0 noter tou\u00adte\u00adfois cette annonce&nbsp;:<\/p>\n<blockquote>\n<p>Louis Rim\u00adbault.\u200a\u2014\u200a\u00ab&nbsp;Terre Lib\u00e9\u00adr\u00e9e&nbsp;\u00bb, \u00e0 Luynes (Indre et Loire), nous prie d\u2019annoncer que lui et \u00ab&nbsp;T.L.&nbsp;\u00bb sont bien vivants bien que tous deux aient \u00e9t\u00e9 s\u00e9rieu\u00adse\u00adment mal\u00adtrai\u00adt\u00e9s par Vichy et par l\u2019occupant. Ils n\u2019en conti\u00adnuent pas moins, au seuil de la 23<sup>e<\/sup> ann\u00e9e d\u2019exp\u00e9rience, leur \u0153uvre de lib\u00e9\u00adra\u00adtion et de r\u00e9g\u00e9\u00adn\u00e9\u00adra\u00adtion individuelle.<\/p>\n<\/blockquote>\n<p>La revue annonce, pour le 25 novembre, salle de la Chambre Syn\u00addi\u00adcale des employ\u00e9s, 38 rue Blanche (Paris) une conf\u00e9\u00adrence de Nex\u00adpos&nbsp;: <strong>La lib\u00e9\u00adra\u00adtion de l\u2019homme<\/strong>. Avec par\u00adti\u00adci\u00adpa\u00adtion de Ch. Bal\u00adlet, Ixi\u00adgrec, M.&nbsp;Lau\u00adrian et E. Armand..<\/p>\n<p>Le 26 novembre&nbsp;: \u00ab&nbsp;La phi\u00adlo\u00adso\u00adphie de Jean de la Fon\u00adtaine&nbsp;\u00bb par Ixigrec<\/p>\n<p>Le 31 d\u00e9cembre&nbsp;: \u00ab&nbsp;O\u00f9 en sommes-nous&nbsp;?&nbsp;\u00bb par E. Armand<\/p>\n<p>Le 28 jan\u00advier&nbsp;: \u00ab&nbsp;Les po\u00e8tes et le com\u00adbat&nbsp;\u00bb par Marius Brubach.<\/p>\n<p>Ces trois der\u00adni\u00e8res r\u00e9unions (pri\u00adv\u00e9es) sont orga\u00adni\u00ads\u00e9es par le centre \u00ab&nbsp;L\u2019Unique&nbsp;\u00bb (Les amis d\u2019E. Armand), Caf\u00e9 du Bel Air \u00e0&nbsp;Paris.<\/p>\n<p>La sous\u00adcrip\u00adtion pour ce num\u00e9\u00adro s\u2019\u00e9l\u00e8ve \u00e0 10&nbsp;080 francs<\/p>\n","protected":false},"excerpt":{"rendered":"<p>Novembre 1945<\/p>\n","protected":false},"author":8,"featured_media":9655,"parent":4689,"menu_order":5,"comment_status":"closed","ping_status":"closed","template":"wp-custom-template-cahiers-humanisme-libertaire","meta":{"wp_typography_post_enhancements_disabled":false,"footnotes":""},"categories":[4],"tags":[],"ppma_author":[680],"class_list":["post-9652","page","type-page","status-publish","has-post-thumbnail","hentry","category-1945-n-1-a-6"],"_links":{"self":[{"href":"https:\/\/la-presse-anarchiste.net\/index.php\/wp-json\/wp\/v2\/pages\/9652","targetHints":{"allow":["GET"]}}],"collection":[{"href":"https:\/\/la-presse-anarchiste.net\/index.php\/wp-json\/wp\/v2\/pages"}],"about":[{"href":"https:\/\/la-presse-anarchiste.net\/index.php\/wp-json\/wp\/v2\/types\/page"}],"author":[{"embeddable":true,"href":"https:\/\/la-presse-anarchiste.net\/index.php\/wp-json\/wp\/v2\/users\/8"}],"replies":[{"embeddable":true,"href":"https:\/\/la-presse-anarchiste.net\/index.php\/wp-json\/wp\/v2\/comments?post=9652"}],"version-history":[{"count":7,"href":"https:\/\/la-presse-anarchiste.net\/index.php\/wp-json\/wp\/v2\/pages\/9652\/revisions"}],"predecessor-version":[{"id":9704,"href":"https:\/\/la-presse-anarchiste.net\/index.php\/wp-json\/wp\/v2\/pages\/9652\/revisions\/9704"}],"up":[{"embeddable":true,"href":"https:\/\/la-presse-anarchiste.net\/index.php\/wp-json\/wp\/v2\/pages\/4689"}],"wp:featuredmedia":[{"embeddable":true,"href":"https:\/\/la-presse-anarchiste.net\/index.php\/wp-json\/wp\/v2\/media\/9655"}],"wp:attachment":[{"href":"https:\/\/la-presse-anarchiste.net\/index.php\/wp-json\/wp\/v2\/media?parent=9652"}],"wp:term":[{"taxonomy":"category","embeddable":true,"href":"https:\/\/la-presse-anarchiste.net\/index.php\/wp-json\/wp\/v2\/categories?post=9652"},{"taxonomy":"post_tag","embeddable":true,"href":"https:\/\/la-presse-anarchiste.net\/index.php\/wp-json\/wp\/v2\/tags?post=9652"},{"taxonomy":"author","embeddable":true,"href":"https:\/\/la-presse-anarchiste.net\/index.php\/wp-json\/wp\/v2\/ppma_author?post=9652"}],"curies":[{"name":"wp","href":"https:\/\/api.w.org\/{rel}","templated":true}]}}